{"id":1075,"date":"2026-02-20T10:12:00","date_gmt":"2026-02-20T10:12:00","guid":{"rendered":"https:\/\/goldenstones.pl\/?post_type=product&#038;p=1075"},"modified":"2026-02-23T12:36:49","modified_gmt":"2026-02-23T12:36:49","slug":"bryly-szklane-bezbarwne-70-120mm","status":"publish","type":"product","link":"https:\/\/goldenstones.pl\/?product=bryly-szklane-bezbarwne-70-120mm","title":{"rendered":"Bry\u0142y szklane bezbarwne 70-120mm"},"content":{"rendered":"<h2>Bry\u0142a bezbarwna szklana<\/h2>\n<p>Nudzi ci\u0119 zwyczajny wygl\u0105d twojego ogrodu i nie masz zielonego poj\u0119cia jak go udekorowa\u0107? Sprawd\u017a nasze bezbarwne szklane bry\u0142y, kt\u00f3re w zachwycaj\u0105cy spos\u00f3b sprawi\u0105, \u017ce zwyk\u0142y szary i nudny ogr\u00f3d zmieni si\u0119 w magiczny i bajkowy. Dzi\u0119ki jego transparentno\u015bci i wysokiemu po\u0142yskowi b\u0119d\u0105 si\u0119 idealnie prezentowa\u0142y w dzie\u0144 jak i pod\u015bwietlone od spodu w nocy. B\u0119d\u0105 idealnie si\u0119 nadawa\u0142y do dekoracji oczek wodnych lub do upi\u0119kszenia kaskad. Dzi\u0119ki jego bezbarwno\u015bci b\u0119d\u0105 si\u0119 idealnie prezentowa\u0107 w ka\u017cdym pomieszczeniu. Nasza firma oferuje r\u00f3wnie\u017c bezpieczny i szybki transport, wi\u0119c nie musisz si\u0119 martwi\u0107 o bezpiecze\u0144stwo twojego produktu podczas transportu.<\/p>\n<p><strong><a href=\"https:\/\/www.goldenstones.pl\/sklep\/kategoria\/kamienie\/ogrodowe\/szklo_dekoracyjne\/\">Zaciekawi\u0142 ciebie ten produkt? Sprawd\u017a inne oferty naszego sklepu internetowego Golden Stones. Kliknij tutaj.\u00a0<\/a><\/strong><\/p>\n","protected":false},"excerpt":{"rendered":"<p><strong>Waga produktu waha si\u0119 w przedziale od 0,5 kg do 4 kg<\/strong><\/p>\n<ul>\n<li><strong><span style=\"color: #E36A00;\">FRAKCJA: <\/span><\/strong><span style=\"color: #E36A00;\"><span style=\"color: #333333;\">70-120mm<\/span><\/span><\/li>\n<li><strong><span style=\"color: #E36A00;\">CECHY CHARAKTERYSTYCZNE: <\/span><\/strong><span style=\"color: #333333;\">mrozoodporno\u015b\u0107, transparentno\u015b\u0107, wysoki po\u0142ysk<\/span><\/li>\n<li><strong><span style=\"color: #E36A00;\">KOLORYSTYKA: <\/span><\/strong><span style=\"color: #333333;\">bezbarwne<\/span><\/li>\n<li><strong><span style=\"color: #E36A00;\">PRZEZNACZENIE: <\/span><\/strong>rze\u017aba ogrodowa i do wn\u0119trz,<span style=\"color: #333333;\">\u00a0kaskady i oczka wodne, fontanny, strumyki, dekoracja spa<\/span><\/li>\n<\/ul>\n<p><span style=\"color: #333333;\"><a style=\"color: #333333;\" href=\"https:\/\/www.goldenstones.pl\/elementor-63\/\"><strong>\u00a0Przed zam\u00f3wieniem prosimy o kontakt w celu ustalenia szczeg\u00f3\u0142\u00f3w.<\/strong><\/a><\/span><\/p>\n","protected":false},"featured_media":1099,"comment_status":"closed","ping_status":"closed","template":"","meta":{"_uag_custom_page_level_css":"","site-sidebar-layout":"default","site-content-layout":"","ast-site-content-layout":"default","site-content-style":"default","site-sidebar-style":"default","ast-global-header-display":"","ast-banner-title-visibility":"","ast-main-header-display":"","ast-hfb-above-header-display":"","ast-hfb-below-header-display":"","ast-hfb-mobile-header-display":"","site-post-title":"","ast-breadcrumbs-content":"","ast-featured-img":"","footer-sml-layout":"","ast-disable-related-posts":"","theme-transparent-header-meta":"","adv-header-id-meta":"","stick-header-meta":"","header-above-stick-meta":"","header-main-stick-meta":"","header-below-stick-meta":"","astra-migrate-meta-layouts":"default","ast-page-background-enabled":"default","ast-page-background-meta":{"desktop":{"background-color":"var(--ast-global-color-5)","background-image":"","background-repeat":"repeat","background-position":"center center","background-size":"auto","background-attachment":"scroll","background-type":"","background-media":"","overlay-type":"","overlay-color":"","overlay-opacity":"","overlay-gradient":""},"tablet":{"background-color":"","background-image":"","background-repeat":"repeat","background-position":"center center","background-size":"auto","background-attachment":"scroll","background-type":"","background-media":"","overlay-type":"","overlay-color":"","overlay-opacity":"","overlay-gradient":""},"mobile":{"background-color":"","background-image":"","background-repeat":"repeat","background-position":"center center","background-size":"auto","background-attachment":"scroll","background-type":"","background-media":"","overlay-type":"","overlay-color":"","overlay-opacity":"","overlay-gradient":""}},"ast-content-background-meta":{"desktop":{"background-color":"var(--ast-global-color-4)","background-image":"","background-repeat":"repeat","background-position":"center center","background-size":"auto","background-attachment":"scroll","background-type":"","background-media":"","overlay-type":"","overlay-color":"","overlay-opacity":"","overlay-gradient":""},"tablet":{"background-color":"var(--ast-global-color-4)","background-image":"","background-repeat":"repeat","background-position":"center center","background-size":"auto","background-attachment":"scroll","background-type":"","background-media":"","overlay-type":"","overlay-color":"","overlay-opacity":"","overlay-gradient":""},"mobile":{"background-color":"var(--ast-global-color-4)","background-image":"","background-repeat":"repeat","background-position":"center center","background-size":"auto","background-attachment":"scroll","background-type":"","background-media":"","overlay-type":"","overlay-color":"","overlay-opacity":"","overlay-gradient":""}}},"product_brand":[],"product_cat":[21,116,115,156],"product_tag":[157,158,159,160],"class_list":{"0":"post-1075","1":"product","2":"type-product","3":"status-publish","4":"has-post-thumbnail","6":"product_cat-kamienie","7":"product_cat-kamienie-kamienie","8":"product_cat-kamienie-do-gabionow","9":"product_cat-szklo-dekoracyjne","10":"product_tag-bryly-szklane-bydgoszcz","11":"product_tag-szklo-dekoracyjne","12":"product_tag-szklo-gabionowe","13":"product_tag-szklo-turkusowe","14":"desktop-align-left","15":"tablet-align-left","16":"mobile-align-left","18":"first","19":"instock","20":"shipping-taxable","21":"purchasable","22":"product-type-simple"},"uagb_featured_image_src":{"full":["https:\/\/goldenstones.pl\/wp-content\/uploads\/2026\/02\/szklo-dekoracyjne-bryly-szklane-do-gabionow-biale-blota-koronowo-sepolno.jpg",500,496,false],"thumbnail":["https:\/\/goldenstones.pl\/wp-content\/uploads\/2026\/02\/szklo-dekoracyjne-bryly-szklane-do-gabionow-biale-blota-koronowo-sepolno-150x150.jpg",150,150,true],"medium":["https:\/\/goldenstones.pl\/wp-content\/uploads\/2026\/02\/szklo-dekoracyjne-bryly-szklane-do-gabionow-biale-blota-koronowo-sepolno-300x298.jpg",300,298,true],"medium_large":["https:\/\/goldenstones.pl\/wp-content\/uploads\/2026\/02\/szklo-dekoracyjne-bryly-szklane-do-gabionow-biale-blota-koronowo-sepolno.jpg",500,496,false],"large":["https:\/\/goldenstones.pl\/wp-content\/uploads\/2026\/02\/szklo-dekoracyjne-bryly-szklane-do-gabionow-biale-blota-koronowo-sepolno.jpg",500,496,false],"1536x1536":["https:\/\/goldenstones.pl\/wp-content\/uploads\/2026\/02\/szklo-dekoracyjne-bryly-szklane-do-gabionow-biale-blota-koronowo-sepolno.jpg",500,496,false],"2048x2048":["https:\/\/goldenstones.pl\/wp-content\/uploads\/2026\/02\/szklo-dekoracyjne-bryly-szklane-do-gabionow-biale-blota-koronowo-sepolno.jpg",500,496,false],"woocommerce_thumbnail":["https:\/\/goldenstones.pl\/wp-content\/uploads\/2026\/02\/szklo-dekoracyjne-bryly-szklane-do-gabionow-biale-blota-koronowo-sepolno-300x300.jpg",300,300,true],"woocommerce_single":["https:\/\/goldenstones.pl\/wp-content\/uploads\/2026\/02\/szklo-dekoracyjne-bryly-szklane-do-gabionow-biale-blota-koronowo-sepolno.jpg",500,496,false],"woocommerce_gallery_thumbnail":["https:\/\/goldenstones.pl\/wp-content\/uploads\/2026\/02\/szklo-dekoracyjne-bryly-szklane-do-gabionow-biale-blota-koronowo-sepolno-100x100.jpg",100,100,true]},"uagb_author_info":{"display_name":"admin","author_link":"https:\/\/goldenstones.pl\/?author=0"},"uagb_comment_info":0,"uagb_excerpt":"Waga produktu waha si\u0119 w przedziale od 0,5 kg do 4 kg FRAKCJA: 70-120mm CECHY CHARAKTERYSTYCZNE: mrozoodporno\u015b\u0107, transparentno\u015b\u0107, wysoki po\u0142ysk KOLORYSTYKA: bezbarwne PRZEZNACZENIE: rze\u017aba ogrodowa i do wn\u0119trz,\u00a0kaskady i oczka wodne, fontanny, strumyki, dekoracja spa \u00a0Przed zam\u00f3wieniem prosimy o kontakt w celu ustalenia szczeg\u00f3\u0142\u00f3w.","_links":{"self":[{"href":"https:\/\/goldenstones.pl\/index.php?rest_route=\/wp\/v2\/product\/1075","targetHints":{"allow":["GET"]}}],"collection":[{"href":"https:\/\/goldenstones.pl\/index.php?rest_route=\/wp\/v2\/product"}],"about":[{"href":"https:\/\/goldenstones.pl\/index.php?rest_route=\/wp\/v2\/types\/product"}],"replies":[{"embeddable":true,"href":"https:\/\/goldenstones.pl\/index.php?rest_route=%2Fwp%2Fv2%2Fcomments&post=1075"}],"wp:featuredmedia":[{"embeddable":true,"href":"https:\/\/goldenstones.pl\/index.php?rest_route=\/wp\/v2\/media\/1099"}],"wp:attachment":[{"href":"https:\/\/goldenstones.pl\/index.php?rest_route=%2Fwp%2Fv2%2Fmedia&parent=1075"}],"wp:term":[{"taxonomy":"product_brand","embeddable":true,"href":"https:\/\/goldenstones.pl\/index.php?rest_route=%2Fwp%2Fv2%2Fproduct_brand&post=1075"},{"taxonomy":"product_cat","embeddable":true,"href":"https:\/\/goldenstones.pl\/index.php?rest_route=%2Fwp%2Fv2%2Fproduct_cat&post=1075"},{"taxonomy":"product_tag","embeddable":true,"href":"https:\/\/goldenstones.pl\/index.php?rest_route=%2Fwp%2Fv2%2Fproduct_tag&post=1075"}],"curies":[{"name":"wp","href":"https:\/\/api.w.org\/{rel}","templated":true}]}}