{"id":1077,"date":"2026-02-20T10:12:00","date_gmt":"2026-02-20T10:12:00","guid":{"rendered":"https:\/\/goldenstones.pl\/?post_type=product&#038;p=1077"},"modified":"2026-02-23T12:36:49","modified_gmt":"2026-02-23T12:36:49","slug":"bryly-szklane-szklo-bursztynowe-70-120mm","status":"publish","type":"product","link":"https:\/\/goldenstones.pl\/?product=bryly-szklane-szklo-bursztynowe-70-120mm","title":{"rendered":"Bry\u0142y szklane szk\u0142o bursztynowe 70-120mm"},"content":{"rendered":"<h2>Bry\u0142y szklane bursztynowe<\/h2>\n<p>Nasze bry\u0142y charakteryzuj\u0105 si\u0119 bardzo du\u017c\u0105 mrozoodporno\u015bci\u0105, dzi\u0119ki czemu mog\u0105 wytrzyma\u0107 bardzo niskie temperatury oraz du\u017ce mrozy. Cechuje je r\u00f3wnie\u017c wysoki po\u0142ysk, a tak\u017ce transparentno\u015b\u0107, przez co b\u0119d\u0105 si\u0119 perfekcyjnie prezentowa\u0107 np. jako dekoracje fontann lub jako wolnostoj\u0105ce ozdoby kaskad. Je\u015bli prowadzisz m.in: spa to warto si\u0119 w nie zaopatrzy\u0107.<\/p>\n<p><strong><a href=\"https:\/\/www.goldenstones.pl\/sklep\/kategoria\/kamienie\/ogrodowe\/szklo_dekoracyjne\/\">Zaciekawi\u0142 ciebie ten produkt? Sprawd\u017a wi\u0119cej naszych ofert klikaj\u0105c tutaj.\u00a0\u00a0<\/a><\/strong><\/p>\n","protected":false},"excerpt":{"rendered":"<p><strong>Waga produktu waha si\u0119 w przedziale od 0,5 kg do 4 kg<\/strong><\/p>\n<ul>\n<li><strong><span style=\"color: #E36A00;\">FRAKCJA: <\/span><\/strong><span style=\"color: #E36A00;\"><span style=\"color: #333333;\">70-120mm<\/span><\/span><\/li>\n<li><strong><span style=\"color: #E36A00;\">CECHY CHARAKTERYSTYCZNE: <\/span><\/strong><span style=\"color: #333333;\">mrozoodporno\u015b\u0107, transparentno\u015b\u0107, wysoki po\u0142ysk, imitacja bursztynu<\/span><\/li>\n<li><strong><span style=\"color: #E36A00;\">KOLORYSTYKA: <\/span><\/strong><span style=\"color: #333333;\">odcienie \u017c\u00f3\u0142ci i pomara\u0144czowego<\/span><\/li>\n<li><strong><span style=\"color: #E36A00;\">PRZEZNACZENIE: <\/span><\/strong>rze\u017aba ogrodowa i do wn\u0119trz,<span style=\"color: #333333;\">\u00a0kaskady i oczka wodne, fontanny, strumyki, dekoracja spa<\/span><\/li>\n<\/ul>\n<p><span style=\"color: #333333;\"><a style=\"color: #333333;\" href=\"https:\/\/www.goldenstones.pl\/elementor-63\/\"><strong>\u00a0Przed zam\u00f3wieniem prosimy o kontakt w celu ustalenia szczeg\u00f3\u0142\u00f3w.<\/strong><\/a><\/span><\/p>\n","protected":false},"featured_media":1103,"comment_status":"closed","ping_status":"closed","template":"","meta":{"_uag_custom_page_level_css":"","site-sidebar-layout":"default","site-content-layout":"","ast-site-content-layout":"default","site-content-style":"default","site-sidebar-style":"default","ast-global-header-display":"","ast-banner-title-visibility":"","ast-main-header-display":"","ast-hfb-above-header-display":"","ast-hfb-below-header-display":"","ast-hfb-mobile-header-display":"","site-post-title":"","ast-breadcrumbs-content":"","ast-featured-img":"","footer-sml-layout":"","ast-disable-related-posts":"","theme-transparent-header-meta":"","adv-header-id-meta":"","stick-header-meta":"","header-above-stick-meta":"","header-main-stick-meta":"","header-below-stick-meta":"","astra-migrate-meta-layouts":"default","ast-page-background-enabled":"default","ast-page-background-meta":{"desktop":{"background-color":"var(--ast-global-color-5)","background-image":"","background-repeat":"repeat","background-position":"center center","background-size":"auto","background-attachment":"scroll","background-type":"","background-media":"","overlay-type":"","overlay-color":"","overlay-opacity":"","overlay-gradient":""},"tablet":{"background-color":"","background-image":"","background-repeat":"repeat","background-position":"center center","background-size":"auto","background-attachment":"scroll","background-type":"","background-media":"","overlay-type":"","overlay-color":"","overlay-opacity":"","overlay-gradient":""},"mobile":{"background-color":"","background-image":"","background-repeat":"repeat","background-position":"center center","background-size":"auto","background-attachment":"scroll","background-type":"","background-media":"","overlay-type":"","overlay-color":"","overlay-opacity":"","overlay-gradient":""}},"ast-content-background-meta":{"desktop":{"background-color":"var(--ast-global-color-4)","background-image":"","background-repeat":"repeat","background-position":"center center","background-size":"auto","background-attachment":"scroll","background-type":"","background-media":"","overlay-type":"","overlay-color":"","overlay-opacity":"","overlay-gradient":""},"tablet":{"background-color":"var(--ast-global-color-4)","background-image":"","background-repeat":"repeat","background-position":"center center","background-size":"auto","background-attachment":"scroll","background-type":"","background-media":"","overlay-type":"","overlay-color":"","overlay-opacity":"","overlay-gradient":""},"mobile":{"background-color":"var(--ast-global-color-4)","background-image":"","background-repeat":"repeat","background-position":"center center","background-size":"auto","background-attachment":"scroll","background-type":"","background-media":"","overlay-type":"","overlay-color":"","overlay-opacity":"","overlay-gradient":""}}},"product_brand":[],"product_cat":[21,116,115,156],"product_tag":[157,158,159,160],"class_list":{"0":"post-1077","1":"product","2":"type-product","3":"status-publish","4":"has-post-thumbnail","6":"product_cat-kamienie","7":"product_cat-kamienie-kamienie","8":"product_cat-kamienie-do-gabionow","9":"product_cat-szklo-dekoracyjne","10":"product_tag-bryly-szklane-bydgoszcz","11":"product_tag-szklo-dekoracyjne","12":"product_tag-szklo-gabionowe","13":"product_tag-szklo-turkusowe","14":"desktop-align-left","15":"tablet-align-left","16":"mobile-align-left","18":"first","19":"instock","20":"shipping-taxable","21":"purchasable","22":"product-type-simple"},"uagb_featured_image_src":{"full":["https:\/\/goldenstones.pl\/wp-content\/uploads\/2026\/02\/szklo-dekoracyjne-bryly-szklane-bursztynowe-biale-blota-koronowo-sepolno-1.jpg",500,496,false],"thumbnail":["https:\/\/goldenstones.pl\/wp-content\/uploads\/2026\/02\/szklo-dekoracyjne-bryly-szklane-bursztynowe-biale-blota-koronowo-sepolno-1-150x150.jpg",150,150,true],"medium":["https:\/\/goldenstones.pl\/wp-content\/uploads\/2026\/02\/szklo-dekoracyjne-bryly-szklane-bursztynowe-biale-blota-koronowo-sepolno-1-300x298.jpg",300,298,true],"medium_large":["https:\/\/goldenstones.pl\/wp-content\/uploads\/2026\/02\/szklo-dekoracyjne-bryly-szklane-bursztynowe-biale-blota-koronowo-sepolno-1.jpg",500,496,false],"large":["https:\/\/goldenstones.pl\/wp-content\/uploads\/2026\/02\/szklo-dekoracyjne-bryly-szklane-bursztynowe-biale-blota-koronowo-sepolno-1.jpg",500,496,false],"1536x1536":["https:\/\/goldenstones.pl\/wp-content\/uploads\/2026\/02\/szklo-dekoracyjne-bryly-szklane-bursztynowe-biale-blota-koronowo-sepolno-1.jpg",500,496,false],"2048x2048":["https:\/\/goldenstones.pl\/wp-content\/uploads\/2026\/02\/szklo-dekoracyjne-bryly-szklane-bursztynowe-biale-blota-koronowo-sepolno-1.jpg",500,496,false],"woocommerce_thumbnail":["https:\/\/goldenstones.pl\/wp-content\/uploads\/2026\/02\/szklo-dekoracyjne-bryly-szklane-bursztynowe-biale-blota-koronowo-sepolno-1-300x300.jpg",300,300,true],"woocommerce_single":["https:\/\/goldenstones.pl\/wp-content\/uploads\/2026\/02\/szklo-dekoracyjne-bryly-szklane-bursztynowe-biale-blota-koronowo-sepolno-1.jpg",500,496,false],"woocommerce_gallery_thumbnail":["https:\/\/goldenstones.pl\/wp-content\/uploads\/2026\/02\/szklo-dekoracyjne-bryly-szklane-bursztynowe-biale-blota-koronowo-sepolno-1-100x100.jpg",100,100,true]},"uagb_author_info":{"display_name":"admin","author_link":"https:\/\/goldenstones.pl\/?author=0"},"uagb_comment_info":0,"uagb_excerpt":"Waga produktu waha si\u0119 w przedziale od 0,5 kg do 4 kg FRAKCJA: 70-120mm CECHY CHARAKTERYSTYCZNE: mrozoodporno\u015b\u0107, transparentno\u015b\u0107, wysoki po\u0142ysk, imitacja bursztynu KOLORYSTYKA: odcienie \u017c\u00f3\u0142ci i pomara\u0144czowego PRZEZNACZENIE: rze\u017aba ogrodowa i do wn\u0119trz,\u00a0kaskady i oczka wodne, fontanny, strumyki, dekoracja spa \u00a0Przed zam\u00f3wieniem prosimy o kontakt w celu ustalenia szczeg\u00f3\u0142\u00f3w.","_links":{"self":[{"href":"https:\/\/goldenstones.pl\/index.php?rest_route=\/wp\/v2\/product\/1077","targetHints":{"allow":["GET"]}}],"collection":[{"href":"https:\/\/goldenstones.pl\/index.php?rest_route=\/wp\/v2\/product"}],"about":[{"href":"https:\/\/goldenstones.pl\/index.php?rest_route=\/wp\/v2\/types\/product"}],"replies":[{"embeddable":true,"href":"https:\/\/goldenstones.pl\/index.php?rest_route=%2Fwp%2Fv2%2Fcomments&post=1077"}],"wp:featuredmedia":[{"embeddable":true,"href":"https:\/\/goldenstones.pl\/index.php?rest_route=\/wp\/v2\/media\/1103"}],"wp:attachment":[{"href":"https:\/\/goldenstones.pl\/index.php?rest_route=%2Fwp%2Fv2%2Fmedia&parent=1077"}],"wp:term":[{"taxonomy":"product_brand","embeddable":true,"href":"https:\/\/goldenstones.pl\/index.php?rest_route=%2Fwp%2Fv2%2Fproduct_brand&post=1077"},{"taxonomy":"product_cat","embeddable":true,"href":"https:\/\/goldenstones.pl\/index.php?rest_route=%2Fwp%2Fv2%2Fproduct_cat&post=1077"},{"taxonomy":"product_tag","embeddable":true,"href":"https:\/\/goldenstones.pl\/index.php?rest_route=%2Fwp%2Fv2%2Fproduct_tag&post=1077"}],"curies":[{"name":"wp","href":"https:\/\/api.w.org\/{rel}","templated":true}]}}