{"id":1339,"date":"2026-02-20T10:13:25","date_gmt":"2026-02-20T10:13:25","guid":{"rendered":"https:\/\/goldenstones.pl\/?post_type=product&#038;p=1339"},"modified":"2026-04-09T10:36:14","modified_gmt":"2026-04-09T10:36:14","slug":"drewno-rozpalkowe-pakowane-rozpalka-drzewna-20l-promocja","status":"publish","type":"product","link":"https:\/\/goldenstones.pl\/?product=drewno-rozpalkowe-pakowane-rozpalka-drzewna-20l-promocja","title":{"rendered":"Drewno rozpa\u0142kowe, pakowane, rozpa\u0142ka drzewna 20L PROMOCJA"},"content":{"rendered":"<h2 align=\"LEFT\">Rozpa\u0142ka drzewna<\/h2>\n<p align=\"LEFT\">Rozpa\u0142ka drzewna idealnie nadaje si\u0119 do rozpalenia w piecach, komikach, ogniskach czy grillach. To najlepszy materia\u0142 ekologiczny. Drewno jest czyste, tzn. nie ma w nim trocin czy kory. Przy spalaniu nie wytwarza szkodliwych substancji, nie przekraczaj\u0105c tym samym normy okre\u015blaj\u0105cej maksymaln\u0105 ilo\u015b\u0107 emitowanego dwutlenku w\u0119gla i py\u0142\u00f3w. Rozpa\u0142ka drzewna pakowana jest w worek jutowy. Drewno poci\u0119te jest na kawa\u0142ki o d\u0142ugo\u015bci od 18-20cm.<b><\/b><b><\/b><\/p>\n","protected":false},"excerpt":{"rendered":"<p>Rozpa\u0142ka drzewna Rozpa\u0142ka drzewna idealnie nadaje si\u0119 do rozpalenia w piecach, komikach, ogniskach czy grillach. To najlepszy materia\u0142 ekologiczny. Drewno [&hellip;]<\/p>\n","protected":false},"featured_media":1359,"comment_status":"closed","ping_status":"closed","template":"","meta":{"_uag_custom_page_level_css":"","site-sidebar-layout":"default","site-content-layout":"","ast-site-content-layout":"default","site-content-style":"default","site-sidebar-style":"default","ast-global-header-display":"","ast-banner-title-visibility":"","ast-main-header-display":"","ast-hfb-above-header-display":"","ast-hfb-below-header-display":"","ast-hfb-mobile-header-display":"","site-post-title":"","ast-breadcrumbs-content":"","ast-featured-img":"","footer-sml-layout":"","ast-disable-related-posts":"","theme-transparent-header-meta":"default","adv-header-id-meta":"","stick-header-meta":"","header-above-stick-meta":"","header-main-stick-meta":"","header-below-stick-meta":"","astra-migrate-meta-layouts":"set","ast-page-background-enabled":"default","ast-page-background-meta":{"desktop":{"background-color":"var(--ast-global-color-5)","background-image":"","background-repeat":"repeat","background-position":"center center","background-size":"auto","background-attachment":"scroll","background-type":"","background-media":"","overlay-type":"","overlay-color":"","overlay-opacity":"","overlay-gradient":""},"tablet":{"background-color":"","background-image":"","background-repeat":"repeat","background-position":"center center","background-size":"auto","background-attachment":"scroll","background-type":"","background-media":"","overlay-type":"","overlay-color":"","overlay-opacity":"","overlay-gradient":""},"mobile":{"background-color":"","background-image":"","background-repeat":"repeat","background-position":"center center","background-size":"auto","background-attachment":"scroll","background-type":"","background-media":"","overlay-type":"","overlay-color":"","overlay-opacity":"","overlay-gradient":""}},"ast-content-background-meta":{"desktop":{"background-color":"var(--ast-global-color-4)","background-image":"","background-repeat":"repeat","background-position":"center center","background-size":"auto","background-attachment":"scroll","background-type":"","background-media":"","overlay-type":"","overlay-color":"","overlay-opacity":"","overlay-gradient":""},"tablet":{"background-color":"var(--ast-global-color-4)","background-image":"","background-repeat":"repeat","background-position":"center center","background-size":"auto","background-attachment":"scroll","background-type":"","background-media":"","overlay-type":"","overlay-color":"","overlay-opacity":"","overlay-gradient":""},"mobile":{"background-color":"var(--ast-global-color-4)","background-image":"","background-repeat":"repeat","background-position":"center center","background-size":"auto","background-attachment":"scroll","background-type":"","background-media":"","overlay-type":"","overlay-color":"","overlay-opacity":"","overlay-gradient":""}}},"product_brand":[],"product_cat":[51,52],"product_tag":[263,264,265,266,267],"class_list":{"0":"post-1339","1":"product","2":"type-product","3":"status-publish","4":"has-post-thumbnail","6":"product_cat-inne","7":"product_cat-rozpalki","8":"product_tag-drewno-opalowe","9":"product_tag-drewno-opalowe-bydgoszcz","10":"product_tag-drewno-rozpalkowe","11":"product_tag-rozpalka-bydgoszcz","12":"product_tag-rozpalka-do-kominak","13":"desktop-align-left","14":"tablet-align-left","15":"mobile-align-left","17":"first","18":"instock","19":"shipping-taxable","20":"purchasable","21":"product-type-simple"},"uagb_featured_image_src":{"full":["https:\/\/goldenstones.pl\/wp-content\/uploads\/2026\/02\/rozpalka-drzewna-bydgoszcz.jpg",800,800,false],"thumbnail":["https:\/\/goldenstones.pl\/wp-content\/uploads\/2026\/02\/rozpalka-drzewna-bydgoszcz-150x150.jpg",150,150,true],"medium":["https:\/\/goldenstones.pl\/wp-content\/uploads\/2026\/02\/rozpalka-drzewna-bydgoszcz-300x300.jpg",300,300,true],"medium_large":["https:\/\/goldenstones.pl\/wp-content\/uploads\/2026\/02\/rozpalka-drzewna-bydgoszcz-768x768.jpg",768,768,true],"large":["https:\/\/goldenstones.pl\/wp-content\/uploads\/2026\/02\/rozpalka-drzewna-bydgoszcz.jpg",800,800,false],"1536x1536":["https:\/\/goldenstones.pl\/wp-content\/uploads\/2026\/02\/rozpalka-drzewna-bydgoszcz.jpg",800,800,false],"2048x2048":["https:\/\/goldenstones.pl\/wp-content\/uploads\/2026\/02\/rozpalka-drzewna-bydgoszcz.jpg",800,800,false],"woocommerce_thumbnail":["https:\/\/goldenstones.pl\/wp-content\/uploads\/2026\/02\/rozpalka-drzewna-bydgoszcz-300x300.jpg",300,300,true],"woocommerce_single":["https:\/\/goldenstones.pl\/wp-content\/uploads\/2026\/02\/rozpalka-drzewna-bydgoszcz-600x600.jpg",600,600,true],"woocommerce_gallery_thumbnail":["https:\/\/goldenstones.pl\/wp-content\/uploads\/2026\/02\/rozpalka-drzewna-bydgoszcz-100x100.jpg",100,100,true]},"uagb_author_info":{"display_name":"admin","author_link":"https:\/\/goldenstones.pl\/?author=0"},"uagb_comment_info":0,"uagb_excerpt":"Rozpa\u0142ka drzewna Rozpa\u0142ka drzewna idealnie nadaje si\u0119 do rozpalenia w piecach, komikach, ogniskach czy grillach. To najlepszy materia\u0142 ekologiczny. Drewno [&hellip;]","_links":{"self":[{"href":"https:\/\/goldenstones.pl\/index.php?rest_route=\/wp\/v2\/product\/1339","targetHints":{"allow":["GET"]}}],"collection":[{"href":"https:\/\/goldenstones.pl\/index.php?rest_route=\/wp\/v2\/product"}],"about":[{"href":"https:\/\/goldenstones.pl\/index.php?rest_route=\/wp\/v2\/types\/product"}],"replies":[{"embeddable":true,"href":"https:\/\/goldenstones.pl\/index.php?rest_route=%2Fwp%2Fv2%2Fcomments&post=1339"}],"wp:featuredmedia":[{"embeddable":true,"href":"https:\/\/goldenstones.pl\/index.php?rest_route=\/wp\/v2\/media\/1359"}],"wp:attachment":[{"href":"https:\/\/goldenstones.pl\/index.php?rest_route=%2Fwp%2Fv2%2Fmedia&parent=1339"}],"wp:term":[{"taxonomy":"product_brand","embeddable":true,"href":"https:\/\/goldenstones.pl\/index.php?rest_route=%2Fwp%2Fv2%2Fproduct_brand&post=1339"},{"taxonomy":"product_cat","embeddable":true,"href":"https:\/\/goldenstones.pl\/index.php?rest_route=%2Fwp%2Fv2%2Fproduct_cat&post=1339"},{"taxonomy":"product_tag","embeddable":true,"href":"https:\/\/goldenstones.pl\/index.php?rest_route=%2Fwp%2Fv2%2Fproduct_tag&post=1339"}],"curies":[{"name":"wp","href":"https:\/\/api.w.org\/{rel}","templated":true}]}}