{"id":548,"date":"2026-02-20T10:09:00","date_gmt":"2026-02-20T10:09:00","guid":{"rendered":"https:\/\/goldenstones.pl\/?post_type=product&#038;p=548"},"modified":"2026-02-23T12:36:01","modified_gmt":"2026-02-23T12:36:01","slug":"zrebki-kolorowe-dekoracyjne-kora-kolorowa-50l-czerwone","status":"publish","type":"product","link":"https:\/\/goldenstones.pl\/?product=zrebki-kolorowe-dekoracyjne-kora-kolorowa-50l-czerwone","title":{"rendered":"Zr\u0119bki kolorowe dekoracyjne kora kolorowa 50l czerwone"},"content":{"rendered":"<h2>Zr\u0119bki kolorowe dekoracyjne czerwone<\/h2>\n<p>Szukasz odpowiednich dekoracji do twojego ogrodu? Zajrzyj na nasz sklep internetowy Golden Stones i wypr\u00f3buj czerwone zr\u0119bki dekoracyjne. Perfekcyjnie si\u0119 sprawdz\u0105 jako uzupe\u0142nienie skalniak\u00f3w alejek ogrodowych oraz skwerk\u00f3w. Nie musisz si\u0119 martwi\u0107 o swoje ro\u015bliny, gdy\u017c nasze zr\u0119bki s\u0105 ekologicznego pochodzenia i przy okazji ochroni\u0105 twoje kwiaty przed niepo\u017c\u0105danymi chwastami. Dzi\u0119ki ich czerwonej barwie b\u0119d\u0105 stanowi\u0142y idealny kontrast kolorystyczny w twoim ogrodzie. Nasza firma oferuje tak\u017ce szybki i bezpieczny transport twojego produktu.<\/p>\n<p><a href=\"https:\/\/www.goldenstones.pl\/sklep\/kategoria\/artykuly_ogrodnicze\/podsypki\/zrebki\/\">Je\u015bli spodoba\u0142 si\u0119 Tobie ten produkt to sprawd\u017a nasze inne artyku\u0142y klikaj\u0105c tutaj.\u00a0<\/a><\/p>\n<p>&nbsp;<\/p>\n","protected":false},"excerpt":{"rendered":"<p>Zr\u0119bki kolorowe dekoracyjne czerwone Szukasz odpowiednich dekoracji do twojego ogrodu? Zajrzyj na nasz sklep internetowy Golden Stones i wypr\u00f3buj czerwone [&hellip;]<\/p>\n","protected":false},"featured_media":579,"comment_status":"closed","ping_status":"closed","template":"","meta":{"_uag_custom_page_level_css":"","site-sidebar-layout":"default","site-content-layout":"","ast-site-content-layout":"default","site-content-style":"default","site-sidebar-style":"default","ast-global-header-display":"","ast-banner-title-visibility":"","ast-main-header-display":"","ast-hfb-above-header-display":"","ast-hfb-below-header-display":"","ast-hfb-mobile-header-display":"","site-post-title":"","ast-breadcrumbs-content":"","ast-featured-img":"","footer-sml-layout":"","ast-disable-related-posts":"","theme-transparent-header-meta":"","adv-header-id-meta":"","stick-header-meta":"","header-above-stick-meta":"","header-main-stick-meta":"","header-below-stick-meta":"","astra-migrate-meta-layouts":"default","ast-page-background-enabled":"default","ast-page-background-meta":{"desktop":{"background-color":"var(--ast-global-color-5)","background-image":"","background-repeat":"repeat","background-position":"center center","background-size":"auto","background-attachment":"scroll","background-type":"","background-media":"","overlay-type":"","overlay-color":"","overlay-opacity":"","overlay-gradient":""},"tablet":{"background-color":"","background-image":"","background-repeat":"repeat","background-position":"center center","background-size":"auto","background-attachment":"scroll","background-type":"","background-media":"","overlay-type":"","overlay-color":"","overlay-opacity":"","overlay-gradient":""},"mobile":{"background-color":"","background-image":"","background-repeat":"repeat","background-position":"center center","background-size":"auto","background-attachment":"scroll","background-type":"","background-media":"","overlay-type":"","overlay-color":"","overlay-opacity":"","overlay-gradient":""}},"ast-content-background-meta":{"desktop":{"background-color":"var(--ast-global-color-4)","background-image":"","background-repeat":"repeat","background-position":"center center","background-size":"auto","background-attachment":"scroll","background-type":"","background-media":"","overlay-type":"","overlay-color":"","overlay-opacity":"","overlay-gradient":""},"tablet":{"background-color":"var(--ast-global-color-4)","background-image":"","background-repeat":"repeat","background-position":"center center","background-size":"auto","background-attachment":"scroll","background-type":"","background-media":"","overlay-type":"","overlay-color":"","overlay-opacity":"","overlay-gradient":""},"mobile":{"background-color":"var(--ast-global-color-4)","background-image":"","background-repeat":"repeat","background-position":"center center","background-size":"auto","background-attachment":"scroll","background-type":"","background-media":"","overlay-type":"","overlay-color":"","overlay-opacity":"","overlay-gradient":""}}},"product_brand":[],"product_cat":[43,45,46],"product_tag":[61,47,48,49,50],"class_list":{"0":"post-548","1":"product","2":"type-product","3":"status-publish","4":"has-post-thumbnail","6":"product_cat-artykuly-ogrodnicze","7":"product_cat-kora-sosnowa-podloza-artykuly-ogrodnicze","8":"product_cat-zrebki-kolorowe","9":"product_tag-bydgoszcz-kolorowe-zrebki","10":"product_tag-bydgoszcz-zrebki","11":"product_tag-tanie-zrebki","12":"product_tag-zrebki-bydgoszcz","13":"product_tag-zrebki-kolorowe-bydgoszcz","14":"desktop-align-left","15":"tablet-align-left","16":"mobile-align-left","18":"first","19":"instock","20":"shipping-taxable","21":"purchasable","22":"product-type-simple"},"uagb_featured_image_src":{"full":["https:\/\/goldenstones.pl\/wp-content\/uploads\/2026\/02\/zrebki-kolorowe-czerwone-hurtownia-zrebek-kolorowych.jpg",300,300,false],"thumbnail":["https:\/\/goldenstones.pl\/wp-content\/uploads\/2026\/02\/zrebki-kolorowe-czerwone-hurtownia-zrebek-kolorowych-150x150.jpg",150,150,true],"medium":["https:\/\/goldenstones.pl\/wp-content\/uploads\/2026\/02\/zrebki-kolorowe-czerwone-hurtownia-zrebek-kolorowych.jpg",300,300,false],"medium_large":["https:\/\/goldenstones.pl\/wp-content\/uploads\/2026\/02\/zrebki-kolorowe-czerwone-hurtownia-zrebek-kolorowych.jpg",300,300,false],"large":["https:\/\/goldenstones.pl\/wp-content\/uploads\/2026\/02\/zrebki-kolorowe-czerwone-hurtownia-zrebek-kolorowych.jpg",300,300,false],"1536x1536":["https:\/\/goldenstones.pl\/wp-content\/uploads\/2026\/02\/zrebki-kolorowe-czerwone-hurtownia-zrebek-kolorowych.jpg",300,300,false],"2048x2048":["https:\/\/goldenstones.pl\/wp-content\/uploads\/2026\/02\/zrebki-kolorowe-czerwone-hurtownia-zrebek-kolorowych.jpg",300,300,false],"woocommerce_thumbnail":["https:\/\/goldenstones.pl\/wp-content\/uploads\/2026\/02\/zrebki-kolorowe-czerwone-hurtownia-zrebek-kolorowych.jpg",300,300,false],"woocommerce_single":["https:\/\/goldenstones.pl\/wp-content\/uploads\/2026\/02\/zrebki-kolorowe-czerwone-hurtownia-zrebek-kolorowych.jpg",300,300,false],"woocommerce_gallery_thumbnail":["https:\/\/goldenstones.pl\/wp-content\/uploads\/2026\/02\/zrebki-kolorowe-czerwone-hurtownia-zrebek-kolorowych-100x100.jpg",100,100,true]},"uagb_author_info":{"display_name":"admin","author_link":"https:\/\/goldenstones.pl\/?author=0"},"uagb_comment_info":0,"uagb_excerpt":"Zr\u0119bki kolorowe dekoracyjne czerwone Szukasz odpowiednich dekoracji do twojego ogrodu? Zajrzyj na nasz sklep internetowy Golden Stones i wypr\u00f3buj czerwone [&hellip;]","_links":{"self":[{"href":"https:\/\/goldenstones.pl\/index.php?rest_route=\/wp\/v2\/product\/548","targetHints":{"allow":["GET"]}}],"collection":[{"href":"https:\/\/goldenstones.pl\/index.php?rest_route=\/wp\/v2\/product"}],"about":[{"href":"https:\/\/goldenstones.pl\/index.php?rest_route=\/wp\/v2\/types\/product"}],"replies":[{"embeddable":true,"href":"https:\/\/goldenstones.pl\/index.php?rest_route=%2Fwp%2Fv2%2Fcomments&post=548"}],"wp:featuredmedia":[{"embeddable":true,"href":"https:\/\/goldenstones.pl\/index.php?rest_route=\/wp\/v2\/media\/579"}],"wp:attachment":[{"href":"https:\/\/goldenstones.pl\/index.php?rest_route=%2Fwp%2Fv2%2Fmedia&parent=548"}],"wp:term":[{"taxonomy":"product_brand","embeddable":true,"href":"https:\/\/goldenstones.pl\/index.php?rest_route=%2Fwp%2Fv2%2Fproduct_brand&post=548"},{"taxonomy":"product_cat","embeddable":true,"href":"https:\/\/goldenstones.pl\/index.php?rest_route=%2Fwp%2Fv2%2Fproduct_cat&post=548"},{"taxonomy":"product_tag","embeddable":true,"href":"https:\/\/goldenstones.pl\/index.php?rest_route=%2Fwp%2Fv2%2Fproduct_tag&post=548"}],"curies":[{"name":"wp","href":"https:\/\/api.w.org\/{rel}","templated":true}]}}