{"id":621,"date":"2026-02-20T10:09:23","date_gmt":"2026-02-20T10:09:23","guid":{"rendered":"https:\/\/goldenstones.pl\/?post_type=product&#038;p=621"},"modified":"2026-02-23T12:36:09","modified_gmt":"2026-02-23T12:36:09","slug":"ekopodpalka-1-kg","status":"publish","type":"product","link":"https:\/\/goldenstones.pl\/?product=ekopodpalka-1-kg","title":{"rendered":"Ekopodpa\u0142ka 1 kg"},"content":{"rendered":"<h2>Rozpa\u0142ka do pieca<\/h2>\n<p>Ekologiczna podpa\u0142ka przygotowana z mieszanki kilku gatunk\u00f3w drewna i stearyny. Nie wytwarza szkodliwych i truj\u0105cych. Podpa\u0142ka doskonale spe\u0142nia swoje zadanie podczas rozpalania kominka, grilla, pieca czy kot\u0142a. Radzi sobie z rozpalaniem du\u017cych kawa\u0142k\u00f3w drewna, ekogroszku, brykietu i wegla, peletu, a nawet wilgotnego lub mokrego drewna. Podpa\u0142ka pachnie naturalnym drewnem oraz posiada atest PZH (Nr PZH\/HT-2942\/2014). \u015aredni czas palenia dla pojedynczej sztuki wynosi oko\u0142o 8-10 minut.<\/p>\n","protected":false},"excerpt":{"rendered":"<ul>\n<li><strong><span style=\"color: #E36A00;\">CZAS PALENIA: <\/span><\/strong><span style=\"color: #E36A00;\"><span style=\"color: #333333;\">oko\u0142o 10 min.<\/span><\/span><\/li>\n<li><strong><span style=\"color: #E36A00;\">WYMIARY 1SZT.: <\/span><\/strong><span style=\"color: #E36A00;\"><span style=\"color: #333333;\">oko\u0142o 55-75mm d\u0142. \/ 25mm \u015br.<\/span><\/span><\/li>\n<li><strong><span style=\"color: #E36A00;\">ATEST: <\/span><\/strong><span style=\"color: #E36A00;\"><span style=\"color: #333333;\">tak, atest PZH<\/span><\/span><\/li>\n<li><span style=\"color: #E36A00;\"><strong>POCHODZENIE:<\/strong><\/span> <span style=\"color: #333333;\">Polska<\/span><\/li>\n<li><strong><span style=\"color: #E36A00;\">CECHY CHARAKTERYSTYCZNE: <\/span><\/strong><span style=\"color: #333333;\">rozpa\u0142ka ca\u0142kowicie naturalna wykonana z w\u0142\u00f3kien drewna, ekologiczna, bez dodatkowych substancji, nie pozostawia popio\u0142u i zapachu<\/span><\/li>\n<li><strong><span style=\"color: #E36A00;\">PRZEZNACZENIE:<\/span><\/strong> <span style=\"color: #333333;\">do rozpalania du\u017cych i grubych kawa\u0142k\u00f3w drewna, w\u0119gla, brykietu, peletu, ekogroszekum, osowania w kot\u0142ach i kominkach CO, podsypka pod krzewy i drzewa ozdobne, wy\u015bci\u00f3\u0142ka dla ma\u0142ych zwierz\u0105t domowych np. chomik\u00f3w, kr\u00f3lik\u00f3w<\/span><\/li>\n<li><strong><span style=\"color: #E36A00;\">DOST\u0118PNO\u015a\u0106: <\/span><\/strong><span style=\"color: #E36A00;\"><span style=\"color: #333333;\">pakowany w worki 10kg<\/span><\/span><\/li>\n<li><strong><span style=\"color: #E36A00;\">DOSTAWA: <\/span><\/strong><span style=\"color: #E36A00;\"><span style=\"color: #333333;\">dow\u00f3z gratis do 25 km od sk\u0142adu Golden Stones<\/span><\/span><\/li>\n<\/ul>\n<p><span style=\"color: #333333;\"><strong>Podana na stronie cena dotyczy jednego opakowania po 1 kg produktu. Przed zam\u00f3wieniem prosimy o kontakt w celu ustalenia szczeg\u00f3\u0142\u00f3w.<\/strong><\/span><\/p>\n","protected":false},"featured_media":651,"comment_status":"closed","ping_status":"closed","template":"","meta":{"_uag_custom_page_level_css":"","site-sidebar-layout":"default","site-content-layout":"","ast-site-content-layout":"default","site-content-style":"default","site-sidebar-style":"default","ast-global-header-display":"","ast-banner-title-visibility":"","ast-main-header-display":"","ast-hfb-above-header-display":"","ast-hfb-below-header-display":"","ast-hfb-mobile-header-display":"","site-post-title":"","ast-breadcrumbs-content":"","ast-featured-img":"","footer-sml-layout":"","ast-disable-related-posts":"","theme-transparent-header-meta":"default","adv-header-id-meta":"","stick-header-meta":"","header-above-stick-meta":"","header-main-stick-meta":"","header-below-stick-meta":"","astra-migrate-meta-layouts":"set","ast-page-background-enabled":"default","ast-page-background-meta":{"desktop":{"background-color":"var(--ast-global-color-5)","background-image":"","background-repeat":"repeat","background-position":"center center","background-size":"auto","background-attachment":"scroll","background-type":"","background-media":"","overlay-type":"","overlay-color":"","overlay-opacity":"","overlay-gradient":""},"tablet":{"background-color":"","background-image":"","background-repeat":"repeat","background-position":"center center","background-size":"auto","background-attachment":"scroll","background-type":"","background-media":"","overlay-type":"","overlay-color":"","overlay-opacity":"","overlay-gradient":""},"mobile":{"background-color":"","background-image":"","background-repeat":"repeat","background-position":"center center","background-size":"auto","background-attachment":"scroll","background-type":"","background-media":"","overlay-type":"","overlay-color":"","overlay-opacity":"","overlay-gradient":""}},"ast-content-background-meta":{"desktop":{"background-color":"var(--ast-global-color-4)","background-image":"","background-repeat":"repeat","background-position":"center center","background-size":"auto","background-attachment":"scroll","background-type":"","background-media":"","overlay-type":"","overlay-color":"","overlay-opacity":"","overlay-gradient":""},"tablet":{"background-color":"var(--ast-global-color-4)","background-image":"","background-repeat":"repeat","background-position":"center center","background-size":"auto","background-attachment":"scroll","background-type":"","background-media":"","overlay-type":"","overlay-color":"","overlay-opacity":"","overlay-gradient":""},"mobile":{"background-color":"var(--ast-global-color-4)","background-image":"","background-repeat":"repeat","background-position":"center center","background-size":"auto","background-attachment":"scroll","background-type":"","background-media":"","overlay-type":"","overlay-color":"","overlay-opacity":"","overlay-gradient":""}}},"product_brand":[],"product_cat":[51,52],"product_tag":[53,54,56,57],"class_list":{"0":"post-621","1":"product","2":"type-product","3":"status-publish","4":"has-post-thumbnail","6":"product_cat-inne","7":"product_cat-rozpalki","8":"product_tag-eko-podpalka-do-kominka","9":"product_tag-ekopodpalka-bydgoszcz","10":"product_tag-podpalka-do-kominka","11":"product_tag-tania-podpalka","12":"desktop-align-left","13":"tablet-align-left","14":"mobile-align-left","16":"first","17":"outofstock","18":"shipping-taxable","19":"purchasable","20":"product-type-simple"},"uagb_featured_image_src":{"full":["https:\/\/goldenstones.pl\/wp-content\/uploads\/2026\/02\/2.-podpalka-bydgoszcz.jpg",800,800,false],"thumbnail":["https:\/\/goldenstones.pl\/wp-content\/uploads\/2026\/02\/2.-podpalka-bydgoszcz-150x150.jpg",150,150,true],"medium":["https:\/\/goldenstones.pl\/wp-content\/uploads\/2026\/02\/2.-podpalka-bydgoszcz-300x300.jpg",300,300,true],"medium_large":["https:\/\/goldenstones.pl\/wp-content\/uploads\/2026\/02\/2.-podpalka-bydgoszcz-768x768.jpg",768,768,true],"large":["https:\/\/goldenstones.pl\/wp-content\/uploads\/2026\/02\/2.-podpalka-bydgoszcz.jpg",800,800,false],"1536x1536":["https:\/\/goldenstones.pl\/wp-content\/uploads\/2026\/02\/2.-podpalka-bydgoszcz.jpg",800,800,false],"2048x2048":["https:\/\/goldenstones.pl\/wp-content\/uploads\/2026\/02\/2.-podpalka-bydgoszcz.jpg",800,800,false],"woocommerce_thumbnail":["https:\/\/goldenstones.pl\/wp-content\/uploads\/2026\/02\/2.-podpalka-bydgoszcz-300x300.jpg",300,300,true],"woocommerce_single":["https:\/\/goldenstones.pl\/wp-content\/uploads\/2026\/02\/2.-podpalka-bydgoszcz-600x600.jpg",600,600,true],"woocommerce_gallery_thumbnail":["https:\/\/goldenstones.pl\/wp-content\/uploads\/2026\/02\/2.-podpalka-bydgoszcz-100x100.jpg",100,100,true]},"uagb_author_info":{"display_name":"admin","author_link":"https:\/\/goldenstones.pl\/?author=0"},"uagb_comment_info":0,"uagb_excerpt":"CZAS PALENIA: oko\u0142o 10 min. WYMIARY 1SZT.: oko\u0142o 55-75mm d\u0142. \/ 25mm \u015br. ATEST: tak, atest PZH POCHODZENIE: Polska CECHY CHARAKTERYSTYCZNE: rozpa\u0142ka ca\u0142kowicie naturalna wykonana z w\u0142\u00f3kien drewna, ekologiczna, bez dodatkowych substancji, nie pozostawia popio\u0142u i zapachu PRZEZNACZENIE: do rozpalania du\u017cych i grubych kawa\u0142k\u00f3w drewna, w\u0119gla, brykietu, peletu, ekogroszekum, osowania w kot\u0142ach i kominkach CO,&hellip;","_links":{"self":[{"href":"https:\/\/goldenstones.pl\/index.php?rest_route=\/wp\/v2\/product\/621","targetHints":{"allow":["GET"]}}],"collection":[{"href":"https:\/\/goldenstones.pl\/index.php?rest_route=\/wp\/v2\/product"}],"about":[{"href":"https:\/\/goldenstones.pl\/index.php?rest_route=\/wp\/v2\/types\/product"}],"replies":[{"embeddable":true,"href":"https:\/\/goldenstones.pl\/index.php?rest_route=%2Fwp%2Fv2%2Fcomments&post=621"}],"wp:featuredmedia":[{"embeddable":true,"href":"https:\/\/goldenstones.pl\/index.php?rest_route=\/wp\/v2\/media\/651"}],"wp:attachment":[{"href":"https:\/\/goldenstones.pl\/index.php?rest_route=%2Fwp%2Fv2%2Fmedia&parent=621"}],"wp:term":[{"taxonomy":"product_brand","embeddable":true,"href":"https:\/\/goldenstones.pl\/index.php?rest_route=%2Fwp%2Fv2%2Fproduct_brand&post=621"},{"taxonomy":"product_cat","embeddable":true,"href":"https:\/\/goldenstones.pl\/index.php?rest_route=%2Fwp%2Fv2%2Fproduct_cat&post=621"},{"taxonomy":"product_tag","embeddable":true,"href":"https:\/\/goldenstones.pl\/index.php?rest_route=%2Fwp%2Fv2%2Fproduct_tag&post=621"}],"curies":[{"name":"wp","href":"https:\/\/api.w.org\/{rel}","templated":true}]}}