{"id":680,"date":"2026-02-20T10:09:43","date_gmt":"2026-02-20T10:09:43","guid":{"rendered":"https:\/\/goldenstones.pl\/?post_type=product&#038;p=680"},"modified":"2026-03-09T14:08:51","modified_gmt":"2026-03-09T14:08:51","slug":"kamien-murowo-sciezkowy-szary","status":"publish","type":"product","link":"https:\/\/goldenstones.pl\/?product=kamien-murowo-sciezkowy-szary","title":{"rendered":"Kamie\u0144 Murowo &#8211; \u015acie\u017ckowy Szary"},"content":{"rendered":"<h2>Kamie\u0144 na \u015bcie\u017cki ogrodowe<\/h2>\n<p>Chcesz mie\u0107 \u015bcie\u017ck\u0119 w ogrodzie o naturalnym charakterze? U\u0142\u00f3\u017c chodnik lub po\u0142\u00f3\u017c po sobie pojedy\u0144cze p\u0142askie kamienie. Kamie\u0144 murowo \u015bcie\u017ckowy w ch\u0142odnej, szarej tonacji b\u0119dzie do tego idealny. Jest to okruchowa ska\u0142a o zwartym kszta\u0142cie. Rodzima polska ska\u0142a, o zimnej gamie kolorystycznej. Doskonale sprawdzi si\u0119 w Twoim ogrodzie na wszelkich \u015bcie\u017ckach, murkach, rampach, kaskadach. Mo\u017ce mie\u0107 ci\u0105g\u0142y kontakt z wod\u0105 np. na obrze\u017cach oczek wodnych i u\u0142o\u017cone w fontannie. Dodatkowe zwil\u017cenie uwydatni jej pi\u0119kn\u0105 struktur\u0119 oraz wzmocni kolor. <strong><a href=\"https:\/\/www.goldenstones.pl\/sklep\/kategoria\/kamienie\/kamienie_lupane\/kamienie_lamane\/\">Chcesz zobaczy\u0107 wi\u0119cej naszych kamieni \u0142amanych? &gt; wejd\u017a tutaj<\/a><\/strong><\/p>\n<p>&nbsp;<\/p>\n","protected":false},"excerpt":{"rendered":"<ul>\n<li><strong><span style=\"color: #E36A00;\">FRAKCJA: <\/span><\/strong><span style=\"color: #333333;\">p\u0142askie bry\u0142y<\/span><\/li>\n<li><strong><span style=\"color: #E36A00;\">CECHY CHARAKTERYSTYCZNE: <\/span><\/strong><span style=\"color: #333333;\">ska\u0142a okruchowa o zwi\u0119z\u0142ym i zwartym kszta\u0142cie<\/span><\/li>\n<li><strong><span style=\"color: #E36A00;\">KOLORYSTYKA: <\/span><\/strong><span style=\"color: #333333;\">najcz\u0119\u015bciej: szara, jasnoszara, a nawet czarna, niekiedy zielonawa, niebieskawa, br\u0105zowa, w wyniku wietrzenia mo\u017ce by\u0107 \u017c\u00f3\u0142ta lub czerwona<\/span><\/li>\n<li><span style=\"color: #E36A00;\"><strong>POCHODZENIE: <\/strong><span style=\"color: #333333;\">Polska<\/span><\/span><\/li>\n<li><strong><span style=\"color: #E36A00;\">PRZEZNACZENIE: <\/span><\/strong>\u015bcie\u017cki, murki, \u015bciany,<span style=\"color: #333333;\">\u00a0kaskady i oczka wodne, fontanny<\/span><\/li>\n<\/ul>\n<p><span style=\"color: #333333;\"><a style=\"color: #333333;\" href=\"https:\/\/www.goldenstones.pl\/elementor-63\/\"><strong>Podana na stronie cena dotyczy jednej tony produktu. Przed zam\u00f3wieniem prosimy o kontakt w celu ustalenia szczeg\u00f3\u0142\u00f3w.<\/strong><\/a><\/span><\/p>\n","protected":false},"featured_media":711,"comment_status":"closed","ping_status":"closed","template":"","meta":{"_uag_custom_page_level_css":"","site-sidebar-layout":"default","site-content-layout":"","ast-site-content-layout":"default","site-content-style":"default","site-sidebar-style":"default","ast-global-header-display":"","ast-banner-title-visibility":"","ast-main-header-display":"","ast-hfb-above-header-display":"","ast-hfb-below-header-display":"","ast-hfb-mobile-header-display":"","site-post-title":"","ast-breadcrumbs-content":"","ast-featured-img":"","footer-sml-layout":"","ast-disable-related-posts":"","theme-transparent-header-meta":"","adv-header-id-meta":"","stick-header-meta":"","header-above-stick-meta":"","header-main-stick-meta":"","header-below-stick-meta":"","astra-migrate-meta-layouts":"default","ast-page-background-enabled":"default","ast-page-background-meta":{"desktop":{"background-color":"var(--ast-global-color-5)","background-image":"","background-repeat":"repeat","background-position":"center center","background-size":"auto","background-attachment":"scroll","background-type":"","background-media":"","overlay-type":"","overlay-color":"","overlay-opacity":"","overlay-gradient":""},"tablet":{"background-color":"","background-image":"","background-repeat":"repeat","background-position":"center center","background-size":"auto","background-attachment":"scroll","background-type":"","background-media":"","overlay-type":"","overlay-color":"","overlay-opacity":"","overlay-gradient":""},"mobile":{"background-color":"","background-image":"","background-repeat":"repeat","background-position":"center center","background-size":"auto","background-attachment":"scroll","background-type":"","background-media":"","overlay-type":"","overlay-color":"","overlay-opacity":"","overlay-gradient":""}},"ast-content-background-meta":{"desktop":{"background-color":"var(--ast-global-color-4)","background-image":"","background-repeat":"repeat","background-position":"center center","background-size":"auto","background-attachment":"scroll","background-type":"","background-media":"","overlay-type":"","overlay-color":"","overlay-opacity":"","overlay-gradient":""},"tablet":{"background-color":"var(--ast-global-color-4)","background-image":"","background-repeat":"repeat","background-position":"center center","background-size":"auto","background-attachment":"scroll","background-type":"","background-media":"","overlay-type":"","overlay-color":"","overlay-opacity":"","overlay-gradient":""},"mobile":{"background-color":"var(--ast-global-color-4)","background-image":"","background-repeat":"repeat","background-position":"center center","background-size":"auto","background-attachment":"scroll","background-type":"","background-media":"","overlay-type":"","overlay-color":"","overlay-opacity":"","overlay-gradient":""}}},"product_brand":[],"product_cat":[144,149,21,126,142,37],"product_tag":[146,147,148],"class_list":{"0":"post-680","1":"product","2":"type-product","3":"status-publish","4":"has-post-thumbnail","6":"product_cat-kamien-elewacyjny","7":"product_cat-kamien-lamany","8":"product_cat-kamienie","9":"product_cat-kamienie-lupane","10":"product_cat-kaskady-i-oczka-wodne","11":"product_cat-uwypuklone-na-stronie-glownej-sklepu","12":"product_tag-elewacyjny","13":"product_tag-kamien-elewacyjny-bydgoszcz","14":"product_tag-kamienie-elewacyjne-bydgoszcz","15":"desktop-align-left","16":"tablet-align-left","17":"mobile-align-left","19":"first","20":"instock","21":"shipping-taxable","22":"product-type-simple"},"uagb_featured_image_src":{"full":["https:\/\/goldenstones.pl\/wp-content\/uploads\/2026\/02\/kamien-elewacyjny-lamany-lupek-szary.jpg",256,256,false],"thumbnail":["https:\/\/goldenstones.pl\/wp-content\/uploads\/2026\/02\/kamien-elewacyjny-lamany-lupek-szary-150x150.jpg",150,150,true],"medium":["https:\/\/goldenstones.pl\/wp-content\/uploads\/2026\/02\/kamien-elewacyjny-lamany-lupek-szary.jpg",256,256,false],"medium_large":["https:\/\/goldenstones.pl\/wp-content\/uploads\/2026\/02\/kamien-elewacyjny-lamany-lupek-szary.jpg",256,256,false],"large":["https:\/\/goldenstones.pl\/wp-content\/uploads\/2026\/02\/kamien-elewacyjny-lamany-lupek-szary.jpg",256,256,false],"1536x1536":["https:\/\/goldenstones.pl\/wp-content\/uploads\/2026\/02\/kamien-elewacyjny-lamany-lupek-szary.jpg",256,256,false],"2048x2048":["https:\/\/goldenstones.pl\/wp-content\/uploads\/2026\/02\/kamien-elewacyjny-lamany-lupek-szary.jpg",256,256,false],"woocommerce_thumbnail":["https:\/\/goldenstones.pl\/wp-content\/uploads\/2026\/02\/kamien-elewacyjny-lamany-lupek-szary.jpg",256,256,false],"woocommerce_single":["https:\/\/goldenstones.pl\/wp-content\/uploads\/2026\/02\/kamien-elewacyjny-lamany-lupek-szary.jpg",256,256,false],"woocommerce_gallery_thumbnail":["https:\/\/goldenstones.pl\/wp-content\/uploads\/2026\/02\/kamien-elewacyjny-lamany-lupek-szary-100x100.jpg",100,100,true]},"uagb_author_info":{"display_name":"admin","author_link":"https:\/\/goldenstones.pl\/?author=0"},"uagb_comment_info":0,"uagb_excerpt":"FRAKCJA: p\u0142askie bry\u0142y CECHY CHARAKTERYSTYCZNE: ska\u0142a okruchowa o zwi\u0119z\u0142ym i zwartym kszta\u0142cie KOLORYSTYKA: najcz\u0119\u015bciej: szara, jasnoszara, a nawet czarna, niekiedy zielonawa, niebieskawa, br\u0105zowa, w wyniku wietrzenia mo\u017ce by\u0107 \u017c\u00f3\u0142ta lub czerwona POCHODZENIE: Polska PRZEZNACZENIE: \u015bcie\u017cki, murki, \u015bciany,\u00a0kaskady i oczka wodne, fontanny Podana na stronie cena dotyczy jednej tony produktu. Przed zam\u00f3wieniem prosimy o kontakt w&hellip;","_links":{"self":[{"href":"https:\/\/goldenstones.pl\/index.php?rest_route=\/wp\/v2\/product\/680","targetHints":{"allow":["GET"]}}],"collection":[{"href":"https:\/\/goldenstones.pl\/index.php?rest_route=\/wp\/v2\/product"}],"about":[{"href":"https:\/\/goldenstones.pl\/index.php?rest_route=\/wp\/v2\/types\/product"}],"replies":[{"embeddable":true,"href":"https:\/\/goldenstones.pl\/index.php?rest_route=%2Fwp%2Fv2%2Fcomments&post=680"}],"wp:featuredmedia":[{"embeddable":true,"href":"https:\/\/goldenstones.pl\/index.php?rest_route=\/wp\/v2\/media\/711"}],"wp:attachment":[{"href":"https:\/\/goldenstones.pl\/index.php?rest_route=%2Fwp%2Fv2%2Fmedia&parent=680"}],"wp:term":[{"taxonomy":"product_brand","embeddable":true,"href":"https:\/\/goldenstones.pl\/index.php?rest_route=%2Fwp%2Fv2%2Fproduct_brand&post=680"},{"taxonomy":"product_cat","embeddable":true,"href":"https:\/\/goldenstones.pl\/index.php?rest_route=%2Fwp%2Fv2%2Fproduct_cat&post=680"},{"taxonomy":"product_tag","embeddable":true,"href":"https:\/\/goldenstones.pl\/index.php?rest_route=%2Fwp%2Fv2%2Fproduct_tag&post=680"}],"curies":[{"name":"wp","href":"https:\/\/api.w.org\/{rel}","templated":true}]}}