{"id":696,"date":"2026-02-20T10:09:44","date_gmt":"2026-02-20T10:09:44","guid":{"rendered":"https:\/\/goldenstones.pl\/?post_type=product&#038;p=696"},"modified":"2026-02-23T12:36:17","modified_gmt":"2026-02-23T12:36:17","slug":"drobinki-szklane-podwojne-lustro-worek-5kg","status":"publish","type":"product","link":"https:\/\/goldenstones.pl\/?product=drobinki-szklane-podwojne-lustro-worek-5kg","title":{"rendered":"Drobinki Szklane Podw\u00f3jne Lustro worek 5kg"},"content":{"rendered":"<h2>Drobinki szklane podw\u00f3jne<\/h2>\n<p>Chcesz w ciekawy i oryginalny spos\u00f3b udekorowa\u0107 sw\u00f3j pok\u00f3j albo ogr\u00f3d, ale nie masz pomys\u0142u w jaki spos\u00f3b to zrobi\u0107? Hurtownia Golden Stones pomo\u017ce Ci w tym! Wypr\u00f3buj nasze dekoracyjne szk\u0142a, kt\u00f3re w idealny spos\u00f3b udekoruj\u0105 pust\u0105 przestrze\u0144 w twoim domu lub miejscu pracy. Nasz produkt charakteryzuje si\u0119 mrozoodporno\u015bci\u0105 oraz wysokim po\u0142yskiem. Dzi\u0119ki barwie srebrnego lustra, uzyskasz niesamowity efekt. Znakomicie nadadz\u0105 si\u0119 ogrod\u00f3w, wn\u0119trz, oczek wodnych, fontann lub strumyk\u00f3w. Oferujemy tobie wygodny transport twojego produktu, wi\u0119c nie musisz si\u0119 martwi\u0107 o jego stan. Gwarantujemy r\u00f3wnie\u017c wysok\u0105 jako\u015b\u0107 naszego towaru.<\/p>\n<p><strong><a href=\"https:\/\/www.goldenstones.pl\/sklep\/kategoria\/kamienie\/ogrodowe\/szklo_dekoracyjne\/\">Je\u015bli jeste\u015b zainteresowanym tym produktem to sprawd\u017a nasze inne oferty, klikaj\u0105c tutaj!<\/a><\/strong><\/p>\n<p>&nbsp;<\/p>\n","protected":false},"excerpt":{"rendered":"<ul>\n<li><strong><span style=\"color: #E36A00;\">FRAKCJA: <\/span><\/strong><span style=\"color: #E36A00;\"><span style=\"color: #333333;\">5-10mm<\/span><\/span><\/li>\n<li><strong><span style=\"color: #E36A00;\">CECHY CHARAKTERYSTYCZNE: <\/span><\/strong><span style=\"color: #333333;\">po\u0142amane podw\u00f3jne lustro, drobno skruszone, mrozoodporno\u015b\u0107, wysoki po\u0142ysk<\/span><\/li>\n<li><strong><span style=\"color: #E36A00;\">KOLORYSTYKA: <\/span><\/strong><span style=\"color: #333333;\">srebrne lustro<\/span><\/li>\n<li><strong><span style=\"color: #E36A00;\">PRZEZNACZENIE: <\/span><\/strong>dekoracja ogrodowa i do wn\u0119trz,<span style=\"color: #333333;\"> kaskady, oczka wodne, fontanny, strumyki, dekoracja spa, podsypki, obrze\u017ca<\/span><\/li>\n<\/ul>\n<p><span style=\"color: #333333;\"><strong>Podana na stronie cena dotyczy 5 kg produktu.<\/strong><\/span><\/p>\n","protected":false},"featured_media":738,"comment_status":"closed","ping_status":"closed","template":"","meta":{"_uag_custom_page_level_css":"","site-sidebar-layout":"default","site-content-layout":"","ast-site-content-layout":"default","site-content-style":"default","site-sidebar-style":"default","ast-global-header-display":"","ast-banner-title-visibility":"","ast-main-header-display":"","ast-hfb-above-header-display":"","ast-hfb-below-header-display":"","ast-hfb-mobile-header-display":"","site-post-title":"","ast-breadcrumbs-content":"","ast-featured-img":"","footer-sml-layout":"","ast-disable-related-posts":"","theme-transparent-header-meta":"","adv-header-id-meta":"","stick-header-meta":"","header-above-stick-meta":"","header-main-stick-meta":"","header-below-stick-meta":"","astra-migrate-meta-layouts":"default","ast-page-background-enabled":"default","ast-page-background-meta":{"desktop":{"background-color":"var(--ast-global-color-5)","background-image":"","background-repeat":"repeat","background-position":"center center","background-size":"auto","background-attachment":"scroll","background-type":"","background-media":"","overlay-type":"","overlay-color":"","overlay-opacity":"","overlay-gradient":""},"tablet":{"background-color":"","background-image":"","background-repeat":"repeat","background-position":"center center","background-size":"auto","background-attachment":"scroll","background-type":"","background-media":"","overlay-type":"","overlay-color":"","overlay-opacity":"","overlay-gradient":""},"mobile":{"background-color":"","background-image":"","background-repeat":"repeat","background-position":"center center","background-size":"auto","background-attachment":"scroll","background-type":"","background-media":"","overlay-type":"","overlay-color":"","overlay-opacity":"","overlay-gradient":""}},"ast-content-background-meta":{"desktop":{"background-color":"var(--ast-global-color-4)","background-image":"","background-repeat":"repeat","background-position":"center center","background-size":"auto","background-attachment":"scroll","background-type":"","background-media":"","overlay-type":"","overlay-color":"","overlay-opacity":"","overlay-gradient":""},"tablet":{"background-color":"var(--ast-global-color-4)","background-image":"","background-repeat":"repeat","background-position":"center center","background-size":"auto","background-attachment":"scroll","background-type":"","background-media":"","overlay-type":"","overlay-color":"","overlay-opacity":"","overlay-gradient":""},"mobile":{"background-color":"var(--ast-global-color-4)","background-image":"","background-repeat":"repeat","background-position":"center center","background-size":"auto","background-attachment":"scroll","background-type":"","background-media":"","overlay-type":"","overlay-color":"","overlay-opacity":"","overlay-gradient":""}}},"product_brand":[],"product_cat":[21,116,156],"product_tag":[157,158,159],"class_list":{"0":"post-696","1":"product","2":"type-product","3":"status-publish","4":"has-post-thumbnail","6":"product_cat-kamienie","7":"product_cat-kamienie-kamienie","8":"product_cat-szklo-dekoracyjne","9":"product_tag-bryly-szklane-bydgoszcz","10":"product_tag-szklo-dekoracyjne","11":"product_tag-szklo-gabionowe","12":"desktop-align-left","13":"tablet-align-left","14":"mobile-align-left","16":"first","17":"instock","18":"shipping-taxable","19":"purchasable","20":"product-type-simple"},"uagb_featured_image_src":{"full":["https:\/\/goldenstones.pl\/wp-content\/uploads\/2026\/02\/Drobinki-Szklane-Podwojne-Lustro-worek-5kg.jpg",500,493,false],"thumbnail":["https:\/\/goldenstones.pl\/wp-content\/uploads\/2026\/02\/Drobinki-Szklane-Podwojne-Lustro-worek-5kg-150x150.jpg",150,150,true],"medium":["https:\/\/goldenstones.pl\/wp-content\/uploads\/2026\/02\/Drobinki-Szklane-Podwojne-Lustro-worek-5kg-300x296.jpg",300,296,true],"medium_large":["https:\/\/goldenstones.pl\/wp-content\/uploads\/2026\/02\/Drobinki-Szklane-Podwojne-Lustro-worek-5kg.jpg",500,493,false],"large":["https:\/\/goldenstones.pl\/wp-content\/uploads\/2026\/02\/Drobinki-Szklane-Podwojne-Lustro-worek-5kg.jpg",500,493,false],"1536x1536":["https:\/\/goldenstones.pl\/wp-content\/uploads\/2026\/02\/Drobinki-Szklane-Podwojne-Lustro-worek-5kg.jpg",500,493,false],"2048x2048":["https:\/\/goldenstones.pl\/wp-content\/uploads\/2026\/02\/Drobinki-Szklane-Podwojne-Lustro-worek-5kg.jpg",500,493,false],"woocommerce_thumbnail":["https:\/\/goldenstones.pl\/wp-content\/uploads\/2026\/02\/Drobinki-Szklane-Podwojne-Lustro-worek-5kg-300x300.jpg",300,300,true],"woocommerce_single":["https:\/\/goldenstones.pl\/wp-content\/uploads\/2026\/02\/Drobinki-Szklane-Podwojne-Lustro-worek-5kg.jpg",500,493,false],"woocommerce_gallery_thumbnail":["https:\/\/goldenstones.pl\/wp-content\/uploads\/2026\/02\/Drobinki-Szklane-Podwojne-Lustro-worek-5kg-100x100.jpg",100,100,true]},"uagb_author_info":{"display_name":"admin","author_link":"https:\/\/goldenstones.pl\/?author=0"},"uagb_comment_info":0,"uagb_excerpt":"FRAKCJA: 5-10mm CECHY CHARAKTERYSTYCZNE: po\u0142amane podw\u00f3jne lustro, drobno skruszone, mrozoodporno\u015b\u0107, wysoki po\u0142ysk KOLORYSTYKA: srebrne lustro PRZEZNACZENIE: dekoracja ogrodowa i do wn\u0119trz, kaskady, oczka wodne, fontanny, strumyki, dekoracja spa, podsypki, obrze\u017ca Podana na stronie cena dotyczy 5 kg produktu.","_links":{"self":[{"href":"https:\/\/goldenstones.pl\/index.php?rest_route=\/wp\/v2\/product\/696","targetHints":{"allow":["GET"]}}],"collection":[{"href":"https:\/\/goldenstones.pl\/index.php?rest_route=\/wp\/v2\/product"}],"about":[{"href":"https:\/\/goldenstones.pl\/index.php?rest_route=\/wp\/v2\/types\/product"}],"replies":[{"embeddable":true,"href":"https:\/\/goldenstones.pl\/index.php?rest_route=%2Fwp%2Fv2%2Fcomments&post=696"}],"wp:featuredmedia":[{"embeddable":true,"href":"https:\/\/goldenstones.pl\/index.php?rest_route=\/wp\/v2\/media\/738"}],"wp:attachment":[{"href":"https:\/\/goldenstones.pl\/index.php?rest_route=%2Fwp%2Fv2%2Fmedia&parent=696"}],"wp:term":[{"taxonomy":"product_brand","embeddable":true,"href":"https:\/\/goldenstones.pl\/index.php?rest_route=%2Fwp%2Fv2%2Fproduct_brand&post=696"},{"taxonomy":"product_cat","embeddable":true,"href":"https:\/\/goldenstones.pl\/index.php?rest_route=%2Fwp%2Fv2%2Fproduct_cat&post=696"},{"taxonomy":"product_tag","embeddable":true,"href":"https:\/\/goldenstones.pl\/index.php?rest_route=%2Fwp%2Fv2%2Fproduct_tag&post=696"}],"curies":[{"name":"wp","href":"https:\/\/api.w.org\/{rel}","templated":true}]}}