{"id":759,"date":"2026-02-20T10:10:02","date_gmt":"2026-02-20T10:10:02","guid":{"rendered":"https:\/\/goldenstones.pl\/?post_type=product&#038;p=759"},"modified":"2026-03-09T14:00:49","modified_gmt":"2026-03-09T14:00:49","slug":"bryly-matrix-viola-200-400mm","status":"publish","type":"product","link":"https:\/\/goldenstones.pl\/?product=bryly-matrix-viola-200-400mm","title":{"rendered":"Bry\u0142y Matrix Viola 200-400mm"},"content":{"rendered":"<h2>Ciekawe kamienie do ogrodu bia\u0142o fioletowe Viol Matrix<\/h2>\n<p>Szukasz wi\u0119kszych bry\u0142 kamieni w wielko\u015bci mi\u0119dzy 20 a 40 cm? Zobacz bardzo ciekawe lekko fioletowe Matrix Viol. Pi\u0119kne ska\u0142y z w\u0142oskich g\u00f3r. Ska\u0142a r\u00f3wnie wytrzyma\u0142a co marmur. Posiada zdobne \u017cy\u0142ki w kolorach bieli, fioletu, ecru. Kup kilka bry\u0142ek i wkomponuj je w swoj\u0105 aran\u017cacj\u0119 ogrodow\u0105. Wpasuje si\u0119 zar\u00f3wno w romantyczny ogr\u00f3d w stylu angielskim, co nowoczesny w stylistyce ogrod\u00f3w japo\u0144skich. Dzi\u0119ki swej kolorystyce mo\u017ce stanowi\u0107 ozdob\u0119 skaln\u0105 w klombie ze skalnikiem. Posiadasz w swoim ogrodzie oczko wodne. Fioletowy kamie\u0144 Viol Matrix doskonale wpasuje si\u0119 w kompozycj\u0119 na brzegu stawu. W kontakcie z wod\u0105 jego kolory s\u0105 nasycone i ciekawie si\u0119 b\u0142yszcz\u0105. <strong><a href=\"https:\/\/www.goldenstones.pl\/sklep\/kategoria\/kamienie\/ogrodowe\/bryly_glazy\/\">Chcesz kupi\u0107 kilka rodzaj\u00f3w kamieni ogrodowych typu bry\u0142y i g\u0142azy? Wejd\u017a i sprawd\u017a pozosta\u0142\u0105 ofert\u0119 &gt; tutaj.<\/a><\/strong><\/p>\n","protected":false},"excerpt":{"rendered":"<ul>\n<li><strong><span style=\"color: #E36A00;\">FRAKCJA: <\/span><\/strong><span style=\"color: #E36A00;\"><span style=\"color: #333333;\">20-40cm<\/span><\/span><\/li>\n<li><strong><span style=\"color: #E36A00;\">CECHY CHARAKTERYSTYCZNE: <\/span><\/strong><span style=\"color: #333333;\">mrozoodporne, jasny kamie\u0144 z widocznymi naprzemiennymi warstwami<\/span><\/li>\n<li><strong><span style=\"color: #E36A00;\">KOLORYSTYKA: <\/span><\/strong><span style=\"color: #333333;\">na przemiennie ecru, biel, szaro\u015bci, odcienie r\u00f3\u017cowego<\/span><\/li>\n<li><span style=\"color: #E36A00;\"><strong>POCHODZENIE: <\/strong><span style=\"color: #333333;\">W\u0142ochy<\/span><\/span><\/li>\n<li><strong><span style=\"color: #E36A00;\">PRZEZNACZENIE: <\/span><\/strong>naturalna rze\u017aba ogrodowa,<span style=\"color: #333333;\">\u00a0kaskady i oczka wodne, fontanny<\/span><\/li>\n<\/ul>\n<p><span style=\"color: #333333;\"><a style=\"color: #333333;\" href=\"https:\/\/www.goldenstones.pl\/elementor-63\/\"><strong>Podana na stronie cena dotyczy jednego kilograma kamienia. Przed zam\u00f3wieniem prosimy o kontakt w celu ustalenia szczeg\u00f3\u0142\u00f3w.<\/strong><\/a><\/span><\/p>\n","protected":false},"featured_media":791,"comment_status":"closed","ping_status":"closed","template":"","meta":{"_uag_custom_page_level_css":"","site-sidebar-layout":"default","site-content-layout":"","ast-site-content-layout":"default","site-content-style":"default","site-sidebar-style":"default","ast-global-header-display":"","ast-banner-title-visibility":"","ast-main-header-display":"","ast-hfb-above-header-display":"","ast-hfb-below-header-display":"","ast-hfb-mobile-header-display":"","site-post-title":"","ast-breadcrumbs-content":"","ast-featured-img":"","footer-sml-layout":"","ast-disable-related-posts":"","theme-transparent-header-meta":"","adv-header-id-meta":"","stick-header-meta":"","header-above-stick-meta":"","header-main-stick-meta":"","header-below-stick-meta":"","astra-migrate-meta-layouts":"default","ast-page-background-enabled":"default","ast-page-background-meta":{"desktop":{"background-color":"var(--ast-global-color-5)","background-image":"","background-repeat":"repeat","background-position":"center center","background-size":"auto","background-attachment":"scroll","background-type":"","background-media":"","overlay-type":"","overlay-color":"","overlay-opacity":"","overlay-gradient":""},"tablet":{"background-color":"","background-image":"","background-repeat":"repeat","background-position":"center center","background-size":"auto","background-attachment":"scroll","background-type":"","background-media":"","overlay-type":"","overlay-color":"","overlay-opacity":"","overlay-gradient":""},"mobile":{"background-color":"","background-image":"","background-repeat":"repeat","background-position":"center center","background-size":"auto","background-attachment":"scroll","background-type":"","background-media":"","overlay-type":"","overlay-color":"","overlay-opacity":"","overlay-gradient":""}},"ast-content-background-meta":{"desktop":{"background-color":"var(--ast-global-color-4)","background-image":"","background-repeat":"repeat","background-position":"center center","background-size":"auto","background-attachment":"scroll","background-type":"","background-media":"","overlay-type":"","overlay-color":"","overlay-opacity":"","overlay-gradient":""},"tablet":{"background-color":"var(--ast-global-color-4)","background-image":"","background-repeat":"repeat","background-position":"center center","background-size":"auto","background-attachment":"scroll","background-type":"","background-media":"","overlay-type":"","overlay-color":"","overlay-opacity":"","overlay-gradient":""},"mobile":{"background-color":"var(--ast-global-color-4)","background-image":"","background-repeat":"repeat","background-position":"center center","background-size":"auto","background-attachment":"scroll","background-type":"","background-media":"","overlay-type":"","overlay-color":"","overlay-opacity":"","overlay-gradient":""}}},"product_brand":[],"product_cat":[164,21,116,142],"product_tag":[165,166],"class_list":{"0":"post-759","1":"product","2":"type-product","3":"status-publish","4":"has-post-thumbnail","6":"product_cat-bryly-i-glazy-kamienie-kamienie","7":"product_cat-kamienie","8":"product_cat-kamienie-kamienie","9":"product_cat-kaskady-i-oczka-wodne","10":"product_tag-bryly-ogrodowe-bydgoszcz","11":"product_tag-bryly-w-ogrodzie","12":"desktop-align-left","13":"tablet-align-left","14":"mobile-align-left","16":"first","17":"instock","18":"shipping-taxable","19":"product-type-simple"},"uagb_featured_image_src":{"full":["https:\/\/goldenstones.pl\/wp-content\/uploads\/2026\/02\/bryly-rozowo-biale-matrix-viola.jpg",256,256,false],"thumbnail":["https:\/\/goldenstones.pl\/wp-content\/uploads\/2026\/02\/bryly-rozowo-biale-matrix-viola-150x150.jpg",150,150,true],"medium":["https:\/\/goldenstones.pl\/wp-content\/uploads\/2026\/02\/bryly-rozowo-biale-matrix-viola.jpg",256,256,false],"medium_large":["https:\/\/goldenstones.pl\/wp-content\/uploads\/2026\/02\/bryly-rozowo-biale-matrix-viola.jpg",256,256,false],"large":["https:\/\/goldenstones.pl\/wp-content\/uploads\/2026\/02\/bryly-rozowo-biale-matrix-viola.jpg",256,256,false],"1536x1536":["https:\/\/goldenstones.pl\/wp-content\/uploads\/2026\/02\/bryly-rozowo-biale-matrix-viola.jpg",256,256,false],"2048x2048":["https:\/\/goldenstones.pl\/wp-content\/uploads\/2026\/02\/bryly-rozowo-biale-matrix-viola.jpg",256,256,false],"woocommerce_thumbnail":["https:\/\/goldenstones.pl\/wp-content\/uploads\/2026\/02\/bryly-rozowo-biale-matrix-viola.jpg",256,256,false],"woocommerce_single":["https:\/\/goldenstones.pl\/wp-content\/uploads\/2026\/02\/bryly-rozowo-biale-matrix-viola.jpg",256,256,false],"woocommerce_gallery_thumbnail":["https:\/\/goldenstones.pl\/wp-content\/uploads\/2026\/02\/bryly-rozowo-biale-matrix-viola-100x100.jpg",100,100,true]},"uagb_author_info":{"display_name":"admin","author_link":"https:\/\/goldenstones.pl\/?author=0"},"uagb_comment_info":0,"uagb_excerpt":"FRAKCJA: 20-40cm CECHY CHARAKTERYSTYCZNE: mrozoodporne, jasny kamie\u0144 z widocznymi naprzemiennymi warstwami KOLORYSTYKA: na przemiennie ecru, biel, szaro\u015bci, odcienie r\u00f3\u017cowego POCHODZENIE: W\u0142ochy PRZEZNACZENIE: naturalna rze\u017aba ogrodowa,\u00a0kaskady i oczka wodne, fontanny Podana na stronie cena dotyczy jednego kilograma kamienia. Przed zam\u00f3wieniem prosimy o kontakt w celu ustalenia szczeg\u00f3\u0142\u00f3w.","_links":{"self":[{"href":"https:\/\/goldenstones.pl\/index.php?rest_route=\/wp\/v2\/product\/759","targetHints":{"allow":["GET"]}}],"collection":[{"href":"https:\/\/goldenstones.pl\/index.php?rest_route=\/wp\/v2\/product"}],"about":[{"href":"https:\/\/goldenstones.pl\/index.php?rest_route=\/wp\/v2\/types\/product"}],"replies":[{"embeddable":true,"href":"https:\/\/goldenstones.pl\/index.php?rest_route=%2Fwp%2Fv2%2Fcomments&post=759"}],"wp:featuredmedia":[{"embeddable":true,"href":"https:\/\/goldenstones.pl\/index.php?rest_route=\/wp\/v2\/media\/791"}],"wp:attachment":[{"href":"https:\/\/goldenstones.pl\/index.php?rest_route=%2Fwp%2Fv2%2Fmedia&parent=759"}],"wp:term":[{"taxonomy":"product_brand","embeddable":true,"href":"https:\/\/goldenstones.pl\/index.php?rest_route=%2Fwp%2Fv2%2Fproduct_brand&post=759"},{"taxonomy":"product_cat","embeddable":true,"href":"https:\/\/goldenstones.pl\/index.php?rest_route=%2Fwp%2Fv2%2Fproduct_cat&post=759"},{"taxonomy":"product_tag","embeddable":true,"href":"https:\/\/goldenstones.pl\/index.php?rest_route=%2Fwp%2Fv2%2Fproduct_tag&post=759"}],"curies":[{"name":"wp","href":"https:\/\/api.w.org\/{rel}","templated":true}]}}