{"id":912,"date":"2026-02-20T10:11:05","date_gmt":"2026-02-20T10:11:05","guid":{"rendered":"https:\/\/goldenstones.pl\/?post_type=product&#038;p=912"},"modified":"2026-02-23T12:36:33","modified_gmt":"2026-02-23T12:36:33","slug":"kratka-ogrodowa-trawnikowa-parkingowa-50x50x4cm","status":"publish","type":"product","link":"https:\/\/goldenstones.pl\/?product=kratka-ogrodowa-trawnikowa-parkingowa-50x50x4cm","title":{"rendered":"Kratka ogrodowa trawnikowa parkingowa 50x50x4cm"},"content":{"rendered":"<p>Kratka trawnikowa to ekologiczne i nowoczesne rozwi\u0105zanie, kt\u00f3re coraz ch\u0119tniej jest stosowane w zakresie infrastruktury.\u00a0Jest to alternatywa dla kostki brukowej, zast\u0119puje betonowe p\u0142yty a\u017curowe.\u00a0Stanowi doskona\u0142\u0105 alternatyw\u0119 dla kostek brukowych, asfaltu, betonowych p\u0142yt, jak te\u017c modeli a\u017curowych.\u00a0Prawdziwy trawnik wzmocniony kratk\u0105 wygl\u0105da efektownie, jest trwa\u0142y i ekologiczny.\u00a0Produkt mo\u017ce by\u0107 te\u017c wype\u0142niony dekoracyjnym kruszywem. Pozwala stworzy\u0107 prawdziwy trawnik, dodatkowo wzmocniony eko kratk\u0105, kt\u00f3ra gwarantuje 80% przepuszczalno\u015b\u0107 wody i doskona\u0142\u0105 cyrkulacj\u0119 powietrza.<\/p>\n","protected":false},"excerpt":{"rendered":"<ul>\n<li><strong><span style=\"color: #E36A00;\">SZEROKO\u015a\u0106: <\/span><\/strong>50 cm<\/li>\n<li><strong><span style=\"color: #E36A00;\">D\u0141UGO\u015a\u0106: <\/span><\/strong> 50 cm<\/li>\n<li><strong><span style=\"color: #E36A00;\">POWIERZCHNIA: <\/span><\/strong>0,25 m2<\/li>\n<li><strong><span style=\"color: #E36A00;\">WYSOKO\u015a\u0106: <\/span><\/strong> 40 mm<\/li>\n<li><strong><span style=\"color: #E36A00;\">WYTRZYMA\u0141O\u015a\u0106: <\/span><\/strong>250 t\/m2<\/li>\n<li><strong><span style=\"color: #E36A00;\">KOLOR: <\/span><\/strong>czarny<\/li>\n<li><strong><span style=\"color: #E36A00;\">MATERIA\u0141: <\/span><\/strong> tworzywo sztuczne<\/li>\n<\/ul>\n","protected":false},"featured_media":942,"comment_status":"closed","ping_status":"closed","template":"","meta":{"_uag_custom_page_level_css":"","site-sidebar-layout":"default","site-content-layout":"","ast-site-content-layout":"default","site-content-style":"default","site-sidebar-style":"default","ast-global-header-display":"","ast-banner-title-visibility":"","ast-main-header-display":"","ast-hfb-above-header-display":"","ast-hfb-below-header-display":"","ast-hfb-mobile-header-display":"","site-post-title":"","ast-breadcrumbs-content":"","ast-featured-img":"","footer-sml-layout":"","ast-disable-related-posts":"","theme-transparent-header-meta":"default","adv-header-id-meta":"","stick-header-meta":"","header-above-stick-meta":"","header-main-stick-meta":"","header-below-stick-meta":"","astra-migrate-meta-layouts":"set","ast-page-background-enabled":"default","ast-page-background-meta":{"desktop":{"background-color":"var(--ast-global-color-5)","background-image":"","background-repeat":"repeat","background-position":"center center","background-size":"auto","background-attachment":"scroll","background-type":"","background-media":"","overlay-type":"","overlay-color":"","overlay-opacity":"","overlay-gradient":""},"tablet":{"background-color":"","background-image":"","background-repeat":"repeat","background-position":"center center","background-size":"auto","background-attachment":"scroll","background-type":"","background-media":"","overlay-type":"","overlay-color":"","overlay-opacity":"","overlay-gradient":""},"mobile":{"background-color":"","background-image":"","background-repeat":"repeat","background-position":"center center","background-size":"auto","background-attachment":"scroll","background-type":"","background-media":"","overlay-type":"","overlay-color":"","overlay-opacity":"","overlay-gradient":""}},"ast-content-background-meta":{"desktop":{"background-color":"var(--ast-global-color-4)","background-image":"","background-repeat":"repeat","background-position":"center center","background-size":"auto","background-attachment":"scroll","background-type":"","background-media":"","overlay-type":"","overlay-color":"","overlay-opacity":"","overlay-gradient":""},"tablet":{"background-color":"var(--ast-global-color-4)","background-image":"","background-repeat":"repeat","background-position":"center center","background-size":"auto","background-attachment":"scroll","background-type":"","background-media":"","overlay-type":"","overlay-color":"","overlay-opacity":"","overlay-gradient":""},"mobile":{"background-color":"var(--ast-global-color-4)","background-image":"","background-repeat":"repeat","background-position":"center center","background-size":"auto","background-attachment":"scroll","background-type":"","background-media":"","overlay-type":"","overlay-color":"","overlay-opacity":"","overlay-gradient":""}}},"product_brand":[],"product_cat":[43,68],"product_tag":[198,199,200,201,202],"class_list":{"0":"post-912","1":"product","2":"type-product","3":"status-publish","4":"has-post-thumbnail","6":"product_cat-artykuly-ogrodnicze","7":"product_cat-obrzeza-bordy","8":"product_tag-kratka-ogrodowa-bydgoszcz","9":"product_tag-kratka-paringowa-bydgoszcz","10":"product_tag-kratka-trawnikowa-bydgoszcz","11":"product_tag-kratki-ogrodowe","12":"product_tag-takie-kratki","13":"desktop-align-left","14":"tablet-align-left","15":"mobile-align-left","17":"first","18":"outofstock","19":"shipping-taxable","20":"purchasable","21":"product-type-simple"},"uagb_featured_image_src":{"full":["https:\/\/goldenstones.pl\/wp-content\/uploads\/2026\/02\/kr1.jpg",458,458,false],"thumbnail":["https:\/\/goldenstones.pl\/wp-content\/uploads\/2026\/02\/kr1-150x150.jpg",150,150,true],"medium":["https:\/\/goldenstones.pl\/wp-content\/uploads\/2026\/02\/kr1-300x300.jpg",300,300,true],"medium_large":["https:\/\/goldenstones.pl\/wp-content\/uploads\/2026\/02\/kr1.jpg",458,458,false],"large":["https:\/\/goldenstones.pl\/wp-content\/uploads\/2026\/02\/kr1.jpg",458,458,false],"1536x1536":["https:\/\/goldenstones.pl\/wp-content\/uploads\/2026\/02\/kr1.jpg",458,458,false],"2048x2048":["https:\/\/goldenstones.pl\/wp-content\/uploads\/2026\/02\/kr1.jpg",458,458,false],"woocommerce_thumbnail":["https:\/\/goldenstones.pl\/wp-content\/uploads\/2026\/02\/kr1-300x300.jpg",300,300,true],"woocommerce_single":["https:\/\/goldenstones.pl\/wp-content\/uploads\/2026\/02\/kr1.jpg",458,458,false],"woocommerce_gallery_thumbnail":["https:\/\/goldenstones.pl\/wp-content\/uploads\/2026\/02\/kr1-100x100.jpg",100,100,true]},"uagb_author_info":{"display_name":"admin","author_link":"https:\/\/goldenstones.pl\/?author=0"},"uagb_comment_info":0,"uagb_excerpt":"SZEROKO\u015a\u0106: 50 cm D\u0141UGO\u015a\u0106: 50 cm POWIERZCHNIA: 0,25 m2 WYSOKO\u015a\u0106: 40 mm WYTRZYMA\u0141O\u015a\u0106: 250 t\/m2 KOLOR: czarny MATERIA\u0141: tworzywo sztuczne","_links":{"self":[{"href":"https:\/\/goldenstones.pl\/index.php?rest_route=\/wp\/v2\/product\/912","targetHints":{"allow":["GET"]}}],"collection":[{"href":"https:\/\/goldenstones.pl\/index.php?rest_route=\/wp\/v2\/product"}],"about":[{"href":"https:\/\/goldenstones.pl\/index.php?rest_route=\/wp\/v2\/types\/product"}],"replies":[{"embeddable":true,"href":"https:\/\/goldenstones.pl\/index.php?rest_route=%2Fwp%2Fv2%2Fcomments&post=912"}],"wp:featuredmedia":[{"embeddable":true,"href":"https:\/\/goldenstones.pl\/index.php?rest_route=\/wp\/v2\/media\/942"}],"wp:attachment":[{"href":"https:\/\/goldenstones.pl\/index.php?rest_route=%2Fwp%2Fv2%2Fmedia&parent=912"}],"wp:term":[{"taxonomy":"product_brand","embeddable":true,"href":"https:\/\/goldenstones.pl\/index.php?rest_route=%2Fwp%2Fv2%2Fproduct_brand&post=912"},{"taxonomy":"product_cat","embeddable":true,"href":"https:\/\/goldenstones.pl\/index.php?rest_route=%2Fwp%2Fv2%2Fproduct_cat&post=912"},{"taxonomy":"product_tag","embeddable":true,"href":"https:\/\/goldenstones.pl\/index.php?rest_route=%2Fwp%2Fv2%2Fproduct_tag&post=912"}],"curies":[{"name":"wp","href":"https:\/\/api.w.org\/{rel}","templated":true}]}}