{"id":921,"date":"2026-02-20T10:11:06","date_gmt":"2026-02-20T10:11:06","guid":{"rendered":"https:\/\/goldenstones.pl\/?post_type=product&#038;p=921"},"modified":"2026-04-09T10:43:53","modified_gmt":"2026-04-09T10:43:53","slug":"obrzeze-trawnikowe-bord-ogrodowy-45mm-5-kotew-19cm","status":"publish","type":"product","link":"https:\/\/goldenstones.pl\/?product=obrzeze-trawnikowe-bord-ogrodowy-45mm-5-kotew-19cm","title":{"rendered":"obrze\u017ce trawnikowe bord ogrodowy 45mm + 5 kotew 19cm"},"content":{"rendered":"<p align=\"LEFT\"><span style=\"color: #000000;\"><span style=\"font-family: Calibri, sans-serif;\"><span style=\"font-size: medium;\">Bord to listwy L-kszta\u0142tne z tworzywa ekologicznego d\u0142ugo\u015bci 1m. Odcinki metrowe \u0142\u0105czymy poprzez bardzo prosty system nak\u0142adania bocznych zaczep\u00f3w . Wa\u017cne jest aby p\u0142aszczyzna pionowa bordu nie wystawa\u0142a ponad w\u0142a\u015bciwy poziom &#8211; kostki brukowej lub gruntu.<\/span><\/span><\/span><\/p>\n","protected":false},"excerpt":{"rendered":"<p align=\"LEFT\"><span style=\"color: #000000;\"><span style=\"font-family: Calibri, sans-serif;\"><span style=\"font-size: medium;\">kolor &#8211; czarny<\/span><\/span><\/span><\/p>\n<p><span style=\"font-family: Calibri, sans-serif;\">d\u0142ugo\u015b\u0107 &#8211; 100cm<\/span><\/p>\n<p><span style=\"font-family: Calibri, sans-serif;\">szeroko\u015b\u0107 &#8211; 7cm<\/span><\/p>\n<p><span style=\"font-family: Calibri, sans-serif;\">wysoko\u015b\u0107 &#8211; 4,5cm<\/span><\/p>\n","protected":false},"featured_media":952,"comment_status":"closed","ping_status":"closed","template":"","meta":{"_uag_custom_page_level_css":"","site-sidebar-layout":"default","site-content-layout":"","ast-site-content-layout":"default","site-content-style":"default","site-sidebar-style":"default","ast-global-header-display":"","ast-banner-title-visibility":"","ast-main-header-display":"","ast-hfb-above-header-display":"","ast-hfb-below-header-display":"","ast-hfb-mobile-header-display":"","site-post-title":"","ast-breadcrumbs-content":"","ast-featured-img":"","footer-sml-layout":"","ast-disable-related-posts":"","theme-transparent-header-meta":"default","adv-header-id-meta":"","stick-header-meta":"","header-above-stick-meta":"","header-main-stick-meta":"","header-below-stick-meta":"","astra-migrate-meta-layouts":"set","ast-page-background-enabled":"default","ast-page-background-meta":{"desktop":{"background-color":"var(--ast-global-color-5)","background-image":"","background-repeat":"repeat","background-position":"center center","background-size":"auto","background-attachment":"scroll","background-type":"","background-media":"","overlay-type":"","overlay-color":"","overlay-opacity":"","overlay-gradient":""},"tablet":{"background-color":"","background-image":"","background-repeat":"repeat","background-position":"center center","background-size":"auto","background-attachment":"scroll","background-type":"","background-media":"","overlay-type":"","overlay-color":"","overlay-opacity":"","overlay-gradient":""},"mobile":{"background-color":"","background-image":"","background-repeat":"repeat","background-position":"center center","background-size":"auto","background-attachment":"scroll","background-type":"","background-media":"","overlay-type":"","overlay-color":"","overlay-opacity":"","overlay-gradient":""}},"ast-content-background-meta":{"desktop":{"background-color":"var(--ast-global-color-4)","background-image":"","background-repeat":"repeat","background-position":"center center","background-size":"auto","background-attachment":"scroll","background-type":"","background-media":"","overlay-type":"","overlay-color":"","overlay-opacity":"","overlay-gradient":""},"tablet":{"background-color":"var(--ast-global-color-4)","background-image":"","background-repeat":"repeat","background-position":"center center","background-size":"auto","background-attachment":"scroll","background-type":"","background-media":"","overlay-type":"","overlay-color":"","overlay-opacity":"","overlay-gradient":""},"mobile":{"background-color":"var(--ast-global-color-4)","background-image":"","background-repeat":"repeat","background-position":"center center","background-size":"auto","background-attachment":"scroll","background-type":"","background-media":"","overlay-type":"","overlay-color":"","overlay-opacity":"","overlay-gradient":""}}},"product_brand":[],"product_cat":[43,68],"product_tag":[69,70,71,72,73,74],"class_list":{"0":"post-921","1":"product","2":"type-product","3":"status-publish","4":"has-post-thumbnail","6":"product_cat-artykuly-ogrodnicze","7":"product_cat-obrzeza-bordy","8":"product_tag-bordy-bydgoszcz","9":"product_tag-obrzeza-bydgoszcz","10":"product_tag-obrzeza-trawnikowe","11":"product_tag-obrzeze-trawnikowe","12":"product_tag-tanie-bordy","13":"product_tag-tanie-obrzeza","14":"desktop-align-left","15":"tablet-align-left","16":"mobile-align-left","18":"first","19":"instock","20":"shipping-taxable","21":"purchasable","22":"product-type-simple"},"uagb_featured_image_src":{"full":["https:\/\/goldenstones.pl\/wp-content\/uploads\/2026\/02\/bordy-ogrodowe-obrzeza-trawnikowe-45cm-plus-5-kotew.jpg",800,800,false],"thumbnail":["https:\/\/goldenstones.pl\/wp-content\/uploads\/2026\/02\/bordy-ogrodowe-obrzeza-trawnikowe-45cm-plus-5-kotew-150x150.jpg",150,150,true],"medium":["https:\/\/goldenstones.pl\/wp-content\/uploads\/2026\/02\/bordy-ogrodowe-obrzeza-trawnikowe-45cm-plus-5-kotew-300x300.jpg",300,300,true],"medium_large":["https:\/\/goldenstones.pl\/wp-content\/uploads\/2026\/02\/bordy-ogrodowe-obrzeza-trawnikowe-45cm-plus-5-kotew-768x768.jpg",768,768,true],"large":["https:\/\/goldenstones.pl\/wp-content\/uploads\/2026\/02\/bordy-ogrodowe-obrzeza-trawnikowe-45cm-plus-5-kotew.jpg",800,800,false],"1536x1536":["https:\/\/goldenstones.pl\/wp-content\/uploads\/2026\/02\/bordy-ogrodowe-obrzeza-trawnikowe-45cm-plus-5-kotew.jpg",800,800,false],"2048x2048":["https:\/\/goldenstones.pl\/wp-content\/uploads\/2026\/02\/bordy-ogrodowe-obrzeza-trawnikowe-45cm-plus-5-kotew.jpg",800,800,false],"woocommerce_thumbnail":["https:\/\/goldenstones.pl\/wp-content\/uploads\/2026\/02\/bordy-ogrodowe-obrzeza-trawnikowe-45cm-plus-5-kotew-300x300.jpg",300,300,true],"woocommerce_single":["https:\/\/goldenstones.pl\/wp-content\/uploads\/2026\/02\/bordy-ogrodowe-obrzeza-trawnikowe-45cm-plus-5-kotew-600x600.jpg",600,600,true],"woocommerce_gallery_thumbnail":["https:\/\/goldenstones.pl\/wp-content\/uploads\/2026\/02\/bordy-ogrodowe-obrzeza-trawnikowe-45cm-plus-5-kotew-100x100.jpg",100,100,true]},"uagb_author_info":{"display_name":"admin","author_link":"https:\/\/goldenstones.pl\/?author=0"},"uagb_comment_info":0,"uagb_excerpt":"kolor - czarny d\u0142ugo\u015b\u0107 - 100cm szeroko\u015b\u0107 - 7cm wysoko\u015b\u0107 - 4,5cm","_links":{"self":[{"href":"https:\/\/goldenstones.pl\/index.php?rest_route=\/wp\/v2\/product\/921","targetHints":{"allow":["GET"]}}],"collection":[{"href":"https:\/\/goldenstones.pl\/index.php?rest_route=\/wp\/v2\/product"}],"about":[{"href":"https:\/\/goldenstones.pl\/index.php?rest_route=\/wp\/v2\/types\/product"}],"replies":[{"embeddable":true,"href":"https:\/\/goldenstones.pl\/index.php?rest_route=%2Fwp%2Fv2%2Fcomments&post=921"}],"wp:featuredmedia":[{"embeddable":true,"href":"https:\/\/goldenstones.pl\/index.php?rest_route=\/wp\/v2\/media\/952"}],"wp:attachment":[{"href":"https:\/\/goldenstones.pl\/index.php?rest_route=%2Fwp%2Fv2%2Fmedia&parent=921"}],"wp:term":[{"taxonomy":"product_brand","embeddable":true,"href":"https:\/\/goldenstones.pl\/index.php?rest_route=%2Fwp%2Fv2%2Fproduct_brand&post=921"},{"taxonomy":"product_cat","embeddable":true,"href":"https:\/\/goldenstones.pl\/index.php?rest_route=%2Fwp%2Fv2%2Fproduct_cat&post=921"},{"taxonomy":"product_tag","embeddable":true,"href":"https:\/\/goldenstones.pl\/index.php?rest_route=%2Fwp%2Fv2%2Fproduct_tag&post=921"}],"curies":[{"name":"wp","href":"https:\/\/api.w.org\/{rel}","templated":true}]}}