{"id":924,"date":"2026-02-20T10:11:06","date_gmt":"2026-02-20T10:11:06","guid":{"rendered":"https:\/\/goldenstones.pl\/?post_type=product&#038;p=924"},"modified":"2026-03-09T14:07:00","modified_gmt":"2026-03-09T14:07:00","slug":"fontanny-ogrodowe-kamienne","status":"publish","type":"product","link":"https:\/\/goldenstones.pl\/?product=fontanny-ogrodowe-kamienne","title":{"rendered":"Fontanny ogrodowe kamienne"},"content":{"rendered":"<h2>Fontanna ogrodowa<\/h2>\n<p lang=\"\">W sprzeda\u017cy posiadamy szeroki wyb\u00f3r fontann ogrodowych z otworem do wodotrysku. Wybierz dla siebie produkt spo\u015br\u00f3d<span lang=\"\"> du\u017cego zakresu wielko\u015bci i kolorystyki kamieni. Prosimy o wyb<\/span><span lang=\"en-US\">\u00f3r osobisty pod indywidualne potrzeby oraz Twoje poczucie estetyki, gdy<\/span><span lang=\"en-US\">\u017c ka\u017cda forma skalna r<\/span><span lang=\"en-US\">\u00f3<\/span><span lang=\"en-US\">\u017cni si\u0119 nieco od siebie &#8211; tworz\u0105c bry\u0142\u0119 o niepowtarzalnym pi\u0119knie. <\/span><span lang=\"en-US\">Oferujemy fontanny kamienne wykonane z granitu skandynawskiego, krajowego, gnejsu i innych ska\u0142 naturalnych. Wielko\u015b\u0107 kamieni wynosi \u015brednio od 50 do 80 centymetr<\/span><span lang=\"en-US\">\u00f3w. Szlifuje si\u0119 je z precyzyjn\u0105<\/span><span lang=\"en-US\">\u00a0dok\u0142adno\u015bci\u0105, por<\/span><span lang=\"en-US\">\u00f3wnywaln<\/span><span lang=\"en-US\">\u0105 do szlif<\/span><span lang=\"en-US\">\u00f3w bi<\/span><span lang=\"en-US\">\u017cuteryjnych. Dzi\u0119ki temu\u00a0<\/span>woda, kt\u00f3ra <span lang=\"en-US\">po nich sp\u0142ywa &#8211; idealnie podkre\u015bla struktur\u0119 oraz nadaje po\u0142ysku, dzi\u0119ki czemu tworzy efekt<\/span>\u00a0p\u0142ynny i zjawiskowy<span lang=\"en-US\">. Naturalnie zachowane kszta\u0142ty ska\u0142 pozwalaj\u0105 na efektywn\u0105 prezentacj\u0119 fontann nawet zim\u0105. Pokryte szronem jeszcze bardziej zachwyc\u0105 uwydatnion\u0105 struktur\u0105, natomiast przysypane przez warstw\u0119 \u015bniegu &#8211; doskonale b\u0119d\u0105 zdobi\u0107 ogr<\/span><span lang=\"en-US\">\u00f3d w bia\u0142ym sezonie. Ten produkt to niepowtarzalny i ciekawy kamie\u0144 o delikatnie koralowej barwie, kt\u00f3ra jest prze\u0142amana \u017cy\u0142kami w b\u0142\u0119kitno szarym kolorze.<\/span><\/p>\n<p lang=\"\"><strong><a href=\"https:\/\/www.goldenstones.pl\/sklep\/kategoria\/kamienie\/ogrodowe\/fontanny\/\">Zobacz nasze pozosta\u0142e oferty z kategorii kamieni do fontann &gt;tutaj.<\/a><\/strong><\/p>\n","protected":false},"excerpt":{"rendered":"<p><span style=\"color: #333333;\"><a style=\"color: #333333;\" href=\"https:\/\/www.goldenstones.pl\/elementor-63\/\"><strong>Zalecany odbi\u00f3r osobisty w sk\u0142adach Golden Stones. G\u0142azy wyceniane s\u0105 indywidualnie. Cena zale\u017cy od wagi konkretnego g\u0142azu. Przed zakupem prosimy o kontakt w celu ustalenia szczeg\u00f3\u0142\u00f3w zam\u00f3wienia!<\/strong><\/a><\/span><\/p>\n<ul>\n<li><span style=\"color: #E36A00;\"><strong>FRAKCJA: <\/strong><\/span><span style=\"color: #333333;\">g\u0142az<\/span><\/li>\n<li><strong><span style=\"color: #E36A00;\">CECHY CHARAKTERYSTYCZNE: <\/span><\/strong><span style=\"color: #333333;\">du\u017cy g\u0142az z otworem do wodotrysku, fontanny<\/span><\/li>\n<li><strong><span style=\"color: #E36A00;\">PRZEZNACZENIE: <\/span><\/strong><span style=\"color: #333333;\">naturalna rze\u017aba ogrodowa monolit, kaskady i oczka wodne, fontanny<\/span><\/li>\n<li><strong><span style=\"color: #E36A00;\">WAGA: <\/span><\/strong><span style=\"color: #333333;\">oko\u0142o 150 kg<\/span><\/li>\n<\/ul>\n<p><span style=\"color: #333333;\"><strong>Podana na stronie cena dotyczy jednego kilograma kamienia.\u00a0<\/strong><\/span><\/p>\n","protected":false},"featured_media":957,"comment_status":"closed","ping_status":"closed","template":"","meta":{"_uag_custom_page_level_css":"","site-sidebar-layout":"default","site-content-layout":"","ast-site-content-layout":"default","site-content-style":"default","site-sidebar-style":"default","ast-global-header-display":"","ast-banner-title-visibility":"","ast-main-header-display":"","ast-hfb-above-header-display":"","ast-hfb-below-header-display":"","ast-hfb-mobile-header-display":"","site-post-title":"","ast-breadcrumbs-content":"","ast-featured-img":"","footer-sml-layout":"","ast-disable-related-posts":"","theme-transparent-header-meta":"","adv-header-id-meta":"","stick-header-meta":"","header-above-stick-meta":"","header-main-stick-meta":"","header-below-stick-meta":"","astra-migrate-meta-layouts":"default","ast-page-background-enabled":"default","ast-page-background-meta":{"desktop":{"background-color":"var(--ast-global-color-5)","background-image":"","background-repeat":"repeat","background-position":"center center","background-size":"auto","background-attachment":"scroll","background-type":"","background-media":"","overlay-type":"","overlay-color":"","overlay-opacity":"","overlay-gradient":""},"tablet":{"background-color":"","background-image":"","background-repeat":"repeat","background-position":"center center","background-size":"auto","background-attachment":"scroll","background-type":"","background-media":"","overlay-type":"","overlay-color":"","overlay-opacity":"","overlay-gradient":""},"mobile":{"background-color":"","background-image":"","background-repeat":"repeat","background-position":"center center","background-size":"auto","background-attachment":"scroll","background-type":"","background-media":"","overlay-type":"","overlay-color":"","overlay-opacity":"","overlay-gradient":""}},"ast-content-background-meta":{"desktop":{"background-color":"var(--ast-global-color-4)","background-image":"","background-repeat":"repeat","background-position":"center center","background-size":"auto","background-attachment":"scroll","background-type":"","background-media":"","overlay-type":"","overlay-color":"","overlay-opacity":"","overlay-gradient":""},"tablet":{"background-color":"var(--ast-global-color-4)","background-image":"","background-repeat":"repeat","background-position":"center center","background-size":"auto","background-attachment":"scroll","background-type":"","background-media":"","overlay-type":"","overlay-color":"","overlay-opacity":"","overlay-gradient":""},"mobile":{"background-color":"var(--ast-global-color-4)","background-image":"","background-repeat":"repeat","background-position":"center center","background-size":"auto","background-attachment":"scroll","background-type":"","background-media":"","overlay-type":"","overlay-color":"","overlay-opacity":"","overlay-gradient":""}}},"product_brand":[],"product_cat":[153,21,116],"product_tag":[154,155],"class_list":{"0":"post-924","1":"product","2":"type-product","3":"status-publish","4":"has-post-thumbnail","6":"product_cat-fontanny","7":"product_cat-kamienie","8":"product_cat-kamienie-kamienie","9":"product_tag-fontanna-z-kamienia-bydgoszcz","10":"product_tag-kamienne-fontanny-bydgoszcz","11":"desktop-align-left","12":"tablet-align-left","13":"mobile-align-left","15":"first","16":"instock","17":"shipping-taxable","18":"product-type-simple"},"uagb_featured_image_src":{"full":["https:\/\/goldenstones.pl\/wp-content\/uploads\/2026\/02\/hrtownia-kamienia-fontanny-czerwone.jpg",256,256,false],"thumbnail":["https:\/\/goldenstones.pl\/wp-content\/uploads\/2026\/02\/hrtownia-kamienia-fontanny-czerwone-150x150.jpg",150,150,true],"medium":["https:\/\/goldenstones.pl\/wp-content\/uploads\/2026\/02\/hrtownia-kamienia-fontanny-czerwone.jpg",256,256,false],"medium_large":["https:\/\/goldenstones.pl\/wp-content\/uploads\/2026\/02\/hrtownia-kamienia-fontanny-czerwone.jpg",256,256,false],"large":["https:\/\/goldenstones.pl\/wp-content\/uploads\/2026\/02\/hrtownia-kamienia-fontanny-czerwone.jpg",256,256,false],"1536x1536":["https:\/\/goldenstones.pl\/wp-content\/uploads\/2026\/02\/hrtownia-kamienia-fontanny-czerwone.jpg",256,256,false],"2048x2048":["https:\/\/goldenstones.pl\/wp-content\/uploads\/2026\/02\/hrtownia-kamienia-fontanny-czerwone.jpg",256,256,false],"woocommerce_thumbnail":["https:\/\/goldenstones.pl\/wp-content\/uploads\/2026\/02\/hrtownia-kamienia-fontanny-czerwone.jpg",256,256,false],"woocommerce_single":["https:\/\/goldenstones.pl\/wp-content\/uploads\/2026\/02\/hrtownia-kamienia-fontanny-czerwone.jpg",256,256,false],"woocommerce_gallery_thumbnail":["https:\/\/goldenstones.pl\/wp-content\/uploads\/2026\/02\/hrtownia-kamienia-fontanny-czerwone-100x100.jpg",100,100,true]},"uagb_author_info":{"display_name":"admin","author_link":"https:\/\/goldenstones.pl\/?author=0"},"uagb_comment_info":0,"uagb_excerpt":"Zalecany odbi\u00f3r osobisty w sk\u0142adach Golden Stones. G\u0142azy wyceniane s\u0105 indywidualnie. Cena zale\u017cy od wagi konkretnego g\u0142azu. Przed zakupem prosimy o kontakt w celu ustalenia szczeg\u00f3\u0142\u00f3w zam\u00f3wienia! FRAKCJA: g\u0142az CECHY CHARAKTERYSTYCZNE: du\u017cy g\u0142az z otworem do wodotrysku, fontanny PRZEZNACZENIE: naturalna rze\u017aba ogrodowa monolit, kaskady i oczka wodne, fontanny WAGA: oko\u0142o 150 kg Podana na stronie&hellip;","_links":{"self":[{"href":"https:\/\/goldenstones.pl\/index.php?rest_route=\/wp\/v2\/product\/924","targetHints":{"allow":["GET"]}}],"collection":[{"href":"https:\/\/goldenstones.pl\/index.php?rest_route=\/wp\/v2\/product"}],"about":[{"href":"https:\/\/goldenstones.pl\/index.php?rest_route=\/wp\/v2\/types\/product"}],"replies":[{"embeddable":true,"href":"https:\/\/goldenstones.pl\/index.php?rest_route=%2Fwp%2Fv2%2Fcomments&post=924"}],"wp:featuredmedia":[{"embeddable":true,"href":"https:\/\/goldenstones.pl\/index.php?rest_route=\/wp\/v2\/media\/957"}],"wp:attachment":[{"href":"https:\/\/goldenstones.pl\/index.php?rest_route=%2Fwp%2Fv2%2Fmedia&parent=924"}],"wp:term":[{"taxonomy":"product_brand","embeddable":true,"href":"https:\/\/goldenstones.pl\/index.php?rest_route=%2Fwp%2Fv2%2Fproduct_brand&post=924"},{"taxonomy":"product_cat","embeddable":true,"href":"https:\/\/goldenstones.pl\/index.php?rest_route=%2Fwp%2Fv2%2Fproduct_cat&post=924"},{"taxonomy":"product_tag","embeddable":true,"href":"https:\/\/goldenstones.pl\/index.php?rest_route=%2Fwp%2Fv2%2Fproduct_tag&post=924"}],"curies":[{"name":"wp","href":"https:\/\/api.w.org\/{rel}","templated":true}]}}